CRAN Package Check Results for Package ConcordanceTest

Last updated on 2025-04-30 04:50:02 CEST.

Flavor Version Tinstall Tcheck Ttotal Status Flags
r-devel-linux-x86_64-debian-clang 1.0.3 2.76 39.66 42.42 NOTE
r-devel-linux-x86_64-debian-gcc 1.0.3 2.14 28.86 31.00 OK
r-devel-linux-x86_64-fedora-clang 1.0.3 70.49 OK
r-devel-linux-x86_64-fedora-gcc 1.0.3 67.65 OK
r-devel-windows-x86_64 1.0.3 4.00 56.00 60.00 OK
r-patched-linux-x86_64 1.0.3 2.74 38.92 41.66 OK
r-release-linux-x86_64 1.0.3 2.38 37.87 40.25 OK
r-release-macos-arm64 1.0.3 21.00 OK
r-release-macos-x86_64 1.0.3 44.00 OK
r-release-windows-x86_64 1.0.3 5.00 56.00 61.00 OK
r-oldrel-macos-arm64 1.0.3 24.00 OK
r-oldrel-macos-x86_64 1.0.3 35.00 OK
r-oldrel-windows-x86_64 1.0.3 5.00 56.00 61.00 OK

Check Details

Version: 1.0.3
Check: examples
Result: NOTE Examples with CPU (user + system) or elapsed time > 5s user system elapsed CT_Hypothesis_Test 5.793 0.004 6.289 CT_Critical_Values 4.790 0.054 5.504 Flavor: r-devel-linux-x86_64-debian-clang