Last updated on 2025-04-30 04:50:02 CEST.
Flavor | Version | Tinstall | Tcheck | Ttotal | Status | Flags |
---|---|---|---|---|---|---|
r-devel-linux-x86_64-debian-clang | 0.1.2 | 13.42 | 141.38 | 154.80 | OK | |
r-devel-linux-x86_64-debian-gcc | 0.1.2 | 9.61 | 101.50 | 111.11 | OK | |
r-devel-linux-x86_64-fedora-clang | 0.1.2 | 225.44 | NOTE | |||
r-devel-linux-x86_64-fedora-gcc | 0.1.2 | 237.52 | NOTE | |||
r-devel-windows-x86_64 | 0.1.2 | 15.00 | 139.00 | 154.00 | OK | |
r-patched-linux-x86_64 | 0.1.2 | 12.06 | 132.09 | 144.15 | OK | |
r-release-linux-x86_64 | 0.1.2 | 13.21 | 132.20 | 145.41 | OK | |
r-release-macos-arm64 | 0.1.2 | 72.00 | OK | |||
r-release-macos-x86_64 | 0.1.2 | 135.00 | OK | |||
r-release-windows-x86_64 | 0.1.2 | 15.00 | 137.00 | 152.00 | OK | |
r-oldrel-macos-arm64 | 0.1.2 | 69.00 | OK | |||
r-oldrel-macos-x86_64 | 0.1.2 | 99.00 | OK | |||
r-oldrel-windows-x86_64 | 0.1.2 | 20.00 | 182.00 | 202.00 | OK |
Version: 0.1.2
Check: dependencies in R code
Result: NOTE
Namespaces in Imports field not imported from:
‘kernlab’ ‘purrr’ ‘survminer’ ‘tidyverse’
All declared Imports should be used.
Flavors: r-devel-linux-x86_64-fedora-clang, r-devel-linux-x86_64-fedora-gcc