CRAN Package Check Results for Package ConfusionTableR

Last updated on 2025-04-30 04:50:02 CEST.

Flavor Version Tinstall Tcheck Ttotal Status Flags
r-devel-linux-x86_64-debian-clang 1.0.4 13.96 143.88 157.84 NOTE
r-devel-linux-x86_64-debian-gcc 1.0.4 9.88 110.16 120.04 NOTE
r-devel-linux-x86_64-fedora-clang 1.0.4 234.37 NOTE
r-devel-linux-x86_64-fedora-gcc 1.0.4 239.51 NOTE
r-devel-windows-x86_64 1.0.4 14.00 141.00 155.00 NOTE
r-patched-linux-x86_64 1.0.4 11.61 136.23 147.84 NOTE
r-release-linux-x86_64 1.0.4 13.25 134.53 147.78 NOTE
r-release-macos-arm64 1.0.4 80.00 NOTE
r-release-macos-x86_64 1.0.4 176.00 NOTE
r-release-windows-x86_64 1.0.4 14.00 141.00 155.00 NOTE
r-oldrel-macos-arm64 1.0.4 89.00 NOTE
r-oldrel-macos-x86_64 1.0.4 127.00 NOTE
r-oldrel-windows-x86_64 1.0.4 18.00 179.00 197.00 NOTE

Check Details

Version: 1.0.4
Check: Rd files
Result: NOTE checkRd: (-1) binary_class_cm.Rd:19: Lost braces in \itemize; \value handles \item{}{} directly checkRd: (-1) binary_class_cm.Rd:20: Lost braces in \itemize; \value handles \item{}{} directly checkRd: (-1) binary_class_cm.Rd:21: Lost braces in \itemize; \value handles \item{}{} directly checkRd: (-1) binary_class_cm.Rd:22: Lost braces in \itemize; \value handles \item{}{} directly checkRd: (-1) multi_class_cm.Rd:19: Lost braces in \itemize; \value handles \item{}{} directly checkRd: (-1) multi_class_cm.Rd:20: Lost braces in \itemize; \value handles \item{}{} directly checkRd: (-1) multi_class_cm.Rd:21: Lost braces in \itemize; \value handles \item{}{} directly checkRd: (-1) multi_class_cm.Rd:22: Lost braces in \itemize; \value handles \item{}{} directly Flavors: r-devel-linux-x86_64-debian-clang, r-devel-linux-x86_64-debian-gcc, r-devel-linux-x86_64-fedora-clang, r-devel-linux-x86_64-fedora-gcc, r-devel-windows-x86_64, r-patched-linux-x86_64, r-release-linux-x86_64, r-release-macos-arm64, r-release-macos-x86_64, r-release-windows-x86_64, r-oldrel-macos-arm64, r-oldrel-macos-x86_64, r-oldrel-windows-x86_64