Last updated on 2025-04-30 04:50:02 CEST.
Flavor | Version | Tinstall | Tcheck | Ttotal | Status | Flags |
---|---|---|---|---|---|---|
r-devel-linux-x86_64-debian-clang | 2.1.5 | 9.48 | 81.29 | 90.77 | NOTE | |
r-devel-linux-x86_64-debian-gcc | 2.1.5 | 6.09 | 56.16 | 62.25 | OK | |
r-devel-linux-x86_64-fedora-clang | 2.1.5 | 153.08 | OK | |||
r-devel-linux-x86_64-fedora-gcc | 2.1.5 | 134.96 | OK | |||
r-devel-windows-x86_64 | 2.1.5 | 11.00 | 93.00 | 104.00 | OK | |
r-patched-linux-x86_64 | 2.1.5 | 7.70 | 75.96 | 83.66 | OK | |
r-release-linux-x86_64 | 2.1.5 | 8.78 | 73.99 | 82.77 | OK | |
r-release-macos-arm64 | 2.1.5 | 34.00 | OK | |||
r-release-macos-x86_64 | 2.1.5 | 58.00 | OK | |||
r-release-windows-x86_64 | 2.1.5 | 11.00 | 94.00 | 105.00 | OK | |
r-oldrel-macos-arm64 | 2.1.5 | 38.00 | OK | |||
r-oldrel-macos-x86_64 | 2.1.5 | 64.00 | OK | |||
r-oldrel-windows-x86_64 | 2.1.5 | 13.00 | 110.00 | 123.00 | OK |
Version: 2.1.5
Check: examples
Result: NOTE
Examples with CPU (user + system) or elapsed time > 5s
user system elapsed
combinpmatr 4.780 0.002 5.776
order2rank 3.693 0.070 5.383
Flavor: r-devel-linux-x86_64-debian-clang