Last updated on 2025-02-21 03:52:09 CET.
Flavor | Version | Tinstall | Tcheck | Ttotal | Status | Flags |
---|---|---|---|---|---|---|
r-devel-linux-x86_64-debian-clang | 0.1.0 | 4.38 | 44.65 | 49.03 | OK | |
r-devel-linux-x86_64-debian-gcc | 0.1.0 | 3.34 | 33.45 | 36.79 | OK | |
r-devel-linux-x86_64-fedora-clang | 0.1.0 | 78.78 | NOTE | |||
r-devel-linux-x86_64-fedora-gcc | 0.1.0 | 90.88 | NOTE | |||
r-devel-macos-arm64 | 0.1.0 | 35.00 | OK | |||
r-devel-macos-x86_64 | 0.1.0 | 93.00 | OK | |||
r-devel-windows-x86_64 | 0.1.0 | 9.00 | 77.00 | 86.00 | OK | |
r-patched-linux-x86_64 | 0.1.0 | 4.17 | 42.31 | 46.48 | OK | |
r-release-linux-x86_64 | 0.1.0 | 4.13 | 42.88 | 47.01 | OK | |
r-release-macos-arm64 | 0.1.0 | 35.00 | OK | |||
r-release-macos-x86_64 | 0.1.0 | 60.00 | OK | |||
r-release-windows-x86_64 | 0.1.0 | 8.00 | 71.00 | 79.00 | OK | |
r-oldrel-macos-arm64 | 0.1.0 | 37.00 | OK | |||
r-oldrel-macos-x86_64 | 0.1.0 | 49.00 | OK | |||
r-oldrel-windows-x86_64 | 0.1.0 | 10.00 | 80.00 | 90.00 | OK |
Version: 0.1.0
Check: compiled code
Result: NOTE
File ‘ConsReg/libs/ConsReg.so’:
Found no calls to: ‘R_registerRoutines’, ‘R_useDynamicSymbols’
It is good practice to register native routines and to disable symbol
search.
See ‘Writing portable packages’ in the ‘Writing R Extensions’ manual.
Flavors: r-devel-linux-x86_64-fedora-clang, r-devel-linux-x86_64-fedora-gcc