Last updated on 2025-02-21 03:52:09 CET.
Flavor | Version | Tinstall | Tcheck | Ttotal | Status | Flags |
---|---|---|---|---|---|---|
r-devel-linux-x86_64-debian-clang | 1.0.0 | 7.14 | 107.01 | 114.15 | OK | |
r-devel-linux-x86_64-debian-gcc | 1.0.0 | 4.45 | 78.71 | 83.16 | OK | |
r-devel-linux-x86_64-fedora-clang | 1.0.0 | 165.19 | OK | |||
r-devel-linux-x86_64-fedora-gcc | 1.0.0 | 173.53 | OK | |||
r-devel-macos-arm64 | 1.0.0 | 67.00 | OK | |||
r-devel-macos-x86_64 | 1.0.0 | 176.00 | OK | |||
r-devel-windows-x86_64 | 1.0.0 | 9.00 | 125.00 | 134.00 | OK | |
r-patched-linux-x86_64 | 1.0.0 | 7.30 | 102.54 | 109.84 | OK | |
r-release-linux-x86_64 | 1.0.0 | 6.24 | 102.11 | 108.35 | OK | |
r-release-macos-arm64 | 1.0.0 | 61.00 | NOTE | |||
r-release-macos-x86_64 | 1.0.0 | 147.00 | NOTE | |||
r-release-windows-x86_64 | 1.0.0 | 9.00 | 123.00 | 132.00 | NOTE | |
r-oldrel-macos-arm64 | 1.0.0 | 79.00 | NOTE | |||
r-oldrel-macos-x86_64 | 1.0.0 | 161.00 | NOTE | |||
r-oldrel-windows-x86_64 | 1.0.0 | 11.00 | 162.00 | 173.00 | NOTE |
Version: 1.0.0
Check: installed package size
Result: NOTE
installed size is 6.5Mb
sub-directories of 1Mb or more:
doc 5.4Mb
Flavors: r-release-macos-arm64, r-release-macos-x86_64, r-release-windows-x86_64, r-oldrel-macos-arm64, r-oldrel-macos-x86_64, r-oldrel-windows-x86_64