Last updated on 2025-04-30 04:50:02 CEST.
Flavor | Version | Tinstall | Tcheck | Ttotal | Status | Flags |
---|---|---|---|---|---|---|
r-devel-linux-x86_64-debian-clang | 2.2.5 | 2.80 | 44.84 | 47.64 | NOTE | |
r-devel-linux-x86_64-debian-gcc | 2.2.5 | 1.96 | 32.49 | 34.45 | OK | |
r-devel-linux-x86_64-fedora-clang | 2.2.5 | 76.27 | OK | |||
r-devel-linux-x86_64-fedora-gcc | 2.2.5 | 70.63 | OK | |||
r-devel-windows-x86_64 | 2.2.5 | 4.00 | 68.00 | 72.00 | OK | |
r-patched-linux-x86_64 | 2.2.5 | 2.76 | 44.45 | 47.21 | OK | |
r-release-linux-x86_64 | 2.2.5 | 2.49 | 42.11 | 44.60 | OK | |
r-release-macos-arm64 | 2.2.5 | 24.00 | OK | |||
r-release-macos-x86_64 | 2.2.5 | 44.00 | OK | |||
r-release-windows-x86_64 | 2.2.5 | 4.00 | 67.00 | 71.00 | OK | |
r-oldrel-macos-arm64 | 2.2.5 | 28.00 | OK | |||
r-oldrel-macos-x86_64 | 2.2.5 | 35.00 | OK | |||
r-oldrel-windows-x86_64 | 2.2.5 | 5.00 | 80.00 | 85.00 | OK |
Version: 2.2.5
Check: examples
Result: NOTE
Examples with CPU (user + system) or elapsed time > 5s
user system elapsed
plot.convergence.clubs 4.451 0.031 5.804
Flavor: r-devel-linux-x86_64-debian-clang