Last updated on 2025-11-03 03:49:37 CET.
| Flavor | Version | Tinstall | Tcheck | Ttotal | Status | Flags | 
|---|---|---|---|---|---|---|
| r-devel-linux-x86_64-debian-clang | 0.5.0 | 9.50 | 65.02 | 74.52 | NOTE | |
| r-devel-linux-x86_64-debian-gcc | 0.5.0 | 6.05 | 47.04 | 53.09 | NOTE | |
| r-devel-linux-x86_64-fedora-clang | 0.5.0 | 78.00 | 41.36 | 119.36 | OK | |
| r-devel-linux-x86_64-fedora-gcc | 0.5.0 | 20.00 | 84.23 | 104.23 | OK | |
| r-devel-windows-x86_64 | 0.5.0 | 12.00 | 84.00 | 96.00 | OK | |
| r-patched-linux-x86_64 | 0.5.0 | 9.03 | 61.71 | 70.74 | OK | |
| r-release-linux-x86_64 | 0.5.0 | 9.15 | 62.03 | 71.18 | OK | |
| r-release-macos-arm64 | 0.5.0 | 6.00 | 36.00 | 42.00 | OK | |
| r-release-macos-x86_64 | 0.5.0 | 16.00 | 77.00 | 93.00 | OK | |
| r-release-windows-x86_64 | 0.5.0 | 12.00 | 82.00 | 94.00 | OK | |
| r-oldrel-macos-arm64 | 0.5.0 | 5.00 | 31.00 | 36.00 | OK | |
| r-oldrel-macos-x86_64 | 0.5.0 | 7.00 | 46.00 | 53.00 | OK | |
| r-oldrel-windows-x86_64 | 0.5.0 | 16.00 | 104.00 | 120.00 | OK | 
Version: 0.5.0
Check: CRAN incoming feasibility
Result: NOTE
  Maintainer: ‘Bouchra R. Nasri <bouchra.nasri@umontreal.ca>’
  
  The Description field contains
    <arXiv:2301.13408>.
  Please refer to arXiv e-prints via their arXiv DOI <doi:10.48550/arXiv.YYMM.NNNNN>.
Flavors: r-devel-linux-x86_64-debian-clang, r-devel-linux-x86_64-debian-gcc