Last updated on 2025-04-30 04:50:02 CEST.
Flavor | Version | Tinstall | Tcheck | Ttotal | Status | Flags |
---|---|---|---|---|---|---|
r-devel-linux-x86_64-debian-clang | 1.6.2 | 4.67 | 78.39 | 83.06 | NOTE | |
r-devel-linux-x86_64-debian-gcc | 1.6.2 | 3.29 | 60.12 | 63.41 | OK | |
r-devel-linux-x86_64-fedora-clang | 1.6.2 | 128.40 | OK | |||
r-devel-linux-x86_64-fedora-gcc | 1.6.2 | 151.74 | OK | |||
r-devel-windows-x86_64 | 1.6.2 | 8.00 | 150.00 | 158.00 | OK | |
r-patched-linux-x86_64 | 1.6.2 | 5.74 | 83.89 | 89.63 | OK | |
r-release-linux-x86_64 | 1.6.2 | 4.37 | 84.11 | 88.48 | OK | |
r-release-macos-arm64 | 1.6.2 | 62.00 | OK | |||
r-release-macos-x86_64 | 1.6.2 | 120.00 | OK | |||
r-release-windows-x86_64 | 1.6.2 | 7.00 | 146.00 | 153.00 | OK | |
r-oldrel-macos-arm64 | 1.6.2 | 47.00 | OK | |||
r-oldrel-macos-x86_64 | 1.6.2 | 143.00 | OK | |||
r-oldrel-windows-x86_64 | 1.6.2 | 9.00 | 169.00 | 178.00 | OK |
Version: 1.6.2
Check: examples
Result: NOTE
Examples with CPU (user + system) or elapsed time > 5s
user system elapsed
mc.test.chisq 5.048 0.031 6.471
Flavor: r-devel-linux-x86_64-debian-clang