Last updated on 2025-04-30 04:50:02 CEST.
Flavor | Version | Tinstall | Tcheck | Ttotal | Status | Flags |
---|---|---|---|---|---|---|
r-devel-linux-x86_64-debian-clang | 1.6.4 | 7.25 | 59.22 | 66.47 | NOTE | |
r-devel-linux-x86_64-debian-gcc | 1.6.4 | 5.15 | 45.45 | 50.60 | NOTE | |
r-devel-linux-x86_64-fedora-clang | 1.6.4 | 103.90 | OK | |||
r-devel-linux-x86_64-fedora-gcc | 1.6.4 | 97.61 | OK | |||
r-devel-windows-x86_64 | 1.6.4 | 8.00 | 76.00 | 84.00 | OK | |
r-patched-linux-x86_64 | 1.6.4 | 7.20 | 56.94 | 64.14 | OK | |
r-release-linux-x86_64 | 1.6.4 | 5.86 | 57.10 | 62.96 | OK | |
r-release-macos-arm64 | 1.6.4 | 36.00 | OK | |||
r-release-macos-x86_64 | 1.6.4 | 60.00 | OK | |||
r-release-windows-x86_64 | 1.6.4 | 8.00 | 78.00 | 86.00 | OK | |
r-oldrel-macos-arm64 | 1.6.4 | 33.00 | OK | |||
r-oldrel-macos-x86_64 | 1.6.4 | 58.00 | OK | |||
r-oldrel-windows-x86_64 | 1.6.4 | 10.00 | 90.00 | 100.00 | OK |
Version: 1.6.4
Check: CRAN incoming feasibility
Result: NOTE
Maintainer: ‘Ran Gao <rgao8@uic.edu>’
No Authors@R field in DESCRIPTION.
Please add one, modifying
Authors@R: c(person(given = "Rawan",
family = "Allozi",
role = "aut"),
person(given = "Hakan",
family = "Demirtas",
role = "aut"),
person(given = "Ran",
family = "Gao",
role = c("aut", "cre"),
email = "rgao8@uic.edu"))
as necessary.
Flavors: r-devel-linux-x86_64-debian-clang, r-devel-linux-x86_64-debian-gcc