Last updated on 2025-04-30 04:50:02 CEST.
Flavor | Version | Tinstall | Tcheck | Ttotal | Status | Flags |
---|---|---|---|---|---|---|
r-devel-linux-x86_64-debian-clang | 1.2 | 14.08 | 112.62 | 126.70 | NOTE | |
r-devel-linux-x86_64-debian-gcc | 1.2 | 8.51 | 81.30 | 89.81 | NOTE | |
r-devel-linux-x86_64-fedora-clang | 1.2 | 183.64 | OK | |||
r-devel-linux-x86_64-fedora-gcc | 1.2 | 191.71 | OK | |||
r-devel-windows-x86_64 | 1.2 | 16.00 | 417.00 | 433.00 | OK | |
r-patched-linux-x86_64 | 1.2 | 13.51 | 106.81 | 120.32 | OK | |
r-release-linux-x86_64 | 1.2 | 11.89 | 106.55 | 118.44 | OK | |
r-release-macos-arm64 | 1.2 | 182.00 | OK | |||
r-release-macos-x86_64 | 1.2 | 341.00 | OK | |||
r-release-windows-x86_64 | 1.2 | 14.00 | 405.00 | 419.00 | OK | |
r-oldrel-macos-arm64 | 1.2 | 165.00 | OK | |||
r-oldrel-macos-x86_64 | 1.2 | 272.00 | OK | |||
r-oldrel-windows-x86_64 | 1.2 | 20.00 | 489.00 | 509.00 | OK |
Version: 1.2
Check: CRAN incoming feasibility
Result: NOTE
Maintainer: ‘Ivan Fernandez-Val <ivanf@bu.edu>’
No Authors@R field in DESCRIPTION.
Please add one, modifying
Authors@R: c(person(given = "Mingli",
family = "Chen",
role = "aut"),
person(given = "Victor",
family = "Chernozhukov",
role = "aut"),
person(given = "Ivan",
family = "Fernandez-Val",
role = c("aut", "cre"),
email = "ivanf@bu.edu"),
person(given = "Blaise",
family = "Melly",
role = "aut"))
as necessary.
Flavors: r-devel-linux-x86_64-debian-clang, r-devel-linux-x86_64-debian-gcc