Last updated on 2025-04-30 04:50:02 CEST.
Flavor | Version | Tinstall | Tcheck | Ttotal | Status | Flags |
---|---|---|---|---|---|---|
r-devel-linux-x86_64-debian-clang | 0.5.4 | 48.26 | 87.36 | 135.62 | NOTE | |
r-devel-linux-x86_64-debian-gcc | 0.5.4 | 33.61 | 65.22 | 98.83 | NOTE | |
r-devel-linux-x86_64-fedora-clang | 0.5.4 | 234.70 | NOTE | |||
r-devel-linux-x86_64-fedora-gcc | 0.5.4 | 216.21 | NOTE | |||
r-devel-windows-x86_64 | 0.5.4 | 59.00 | 123.00 | 182.00 | NOTE | |
r-patched-linux-x86_64 | 0.5.4 | 49.14 | 81.16 | 130.30 | NOTE | |
r-release-linux-x86_64 | 0.5.4 | 47.61 | 81.29 | 128.90 | NOTE | |
r-release-macos-arm64 | 0.5.4 | 54.00 | NOTE | |||
r-release-macos-x86_64 | 0.5.4 | 104.00 | NOTE | |||
r-release-windows-x86_64 | 0.5.4 | 58.00 | 125.00 | 183.00 | NOTE | |
r-oldrel-macos-arm64 | 0.5.4 | 61.00 | NOTE | |||
r-oldrel-macos-x86_64 | 0.5.4 | 82.00 | NOTE | |||
r-oldrel-windows-x86_64 | 0.5.4 | 67.00 | 153.00 | 220.00 | NOTE |
Version: 0.5.4
Check: C++ specification
Result: NOTE
Specified C++11: please drop specification unless essential
Flavors: r-devel-linux-x86_64-debian-clang, r-devel-linux-x86_64-debian-gcc, r-devel-linux-x86_64-fedora-clang, r-devel-linux-x86_64-fedora-gcc, r-devel-windows-x86_64, r-patched-linux-x86_64, r-release-linux-x86_64, r-release-macos-arm64, r-release-macos-x86_64, r-release-windows-x86_64, r-oldrel-macos-arm64, r-oldrel-macos-x86_64, r-oldrel-windows-x86_64