CRAN Package Check Results for Package CoxICPen

Last updated on 2025-04-30 04:50:02 CEST.

Flavor Version Tinstall Tcheck Ttotal Status Flags
r-devel-linux-x86_64-debian-clang 1.1.0 3.96 28.62 32.58 OK
r-devel-linux-x86_64-debian-gcc 1.1.0 2.95 20.58 23.53 OK
r-devel-linux-x86_64-fedora-clang 1.1.0 50.35 OK
r-devel-linux-x86_64-fedora-gcc 1.1.0 48.17 OK
r-devel-windows-x86_64 1.1.0 4.00 51.00 55.00 OK
r-patched-linux-x86_64 1.1.0 3.46 26.96 30.42 OK
r-release-linux-x86_64 1.1.0 3.82 27.16 30.98 OK
r-release-macos-arm64 1.1.0 21.00 OK
r-release-macos-x86_64 1.1.0 33.00 OK
r-release-windows-x86_64 1.1.0 4.00 50.00 54.00 OK
r-oldrel-macos-arm64 1.1.0 18.00 NOTE
r-oldrel-macos-x86_64 1.1.0 27.00 NOTE
r-oldrel-windows-x86_64 1.1.0 6.00 52.00 58.00 NOTE

Check Details

Version: 1.1.0
Check: LazyData
Result: NOTE 'LazyData' is specified without a 'data' directory Flavors: r-oldrel-macos-arm64, r-oldrel-macos-x86_64, r-oldrel-windows-x86_64