CRAN Package Check Results for Package CoxR2

Last updated on 2025-04-30 04:50:02 CEST.

Flavor Version Tinstall Tcheck Ttotal Status Flags
r-devel-linux-x86_64-debian-clang 1.0 5.79 48.56 54.35 NOTE
r-devel-linux-x86_64-debian-gcc 1.0 4.52 38.06 42.58 NOTE
r-devel-linux-x86_64-fedora-clang 1.0 81.83 OK
r-devel-linux-x86_64-fedora-gcc 1.0 77.70 OK
r-devel-windows-x86_64 1.0 7.00 62.00 69.00 OK
r-patched-linux-x86_64 1.0 5.15 45.94 51.09 OK
r-release-linux-x86_64 1.0 5.69 46.15 51.84 OK
r-release-macos-arm64 1.0 31.00 OK
r-release-macos-x86_64 1.0 47.00 OK
r-release-windows-x86_64 1.0 6.00 61.00 67.00 OK
r-oldrel-macos-arm64 1.0 31.00 OK
r-oldrel-macos-x86_64 1.0 40.00 OK
r-oldrel-windows-x86_64 1.0 7.00 70.00 77.00 OK

Check Details

Version: 1.0
Check: CRAN incoming feasibility
Result: NOTE Maintainer: ‘Hyeri You <h2you@health.ucsd.edu>’ No Authors@R field in DESCRIPTION. Please add one, modifying Authors@R: c(person(given = "Hyeri", family = "You", role = c("aut", "cre"), email = "h2you@health.ucsd.edu"), person(given = "Ronghui", family = "Xu", role = "aut")) as necessary. Flavors: r-devel-linux-x86_64-debian-clang, r-devel-linux-x86_64-debian-gcc