Last updated on 2025-04-30 04:50:02 CEST.
Flavor | Version | Tinstall | Tcheck | Ttotal | Status | Flags |
---|---|---|---|---|---|---|
r-devel-linux-x86_64-debian-clang | 1.1.2 | 37.10 | 597.92 | 635.02 | NOTE | |
r-devel-linux-x86_64-debian-gcc | 1.1.2 | 24.25 | 400.48 | 424.73 | OK | |
r-devel-linux-x86_64-fedora-clang | 1.1.2 | 1055.87 | OK | |||
r-devel-linux-x86_64-fedora-gcc | 1.1.2 | 930.28 | OK | |||
r-devel-windows-x86_64 | 1.1.2 | 43.00 | 490.00 | 533.00 | OK | |
r-patched-linux-x86_64 | 1.1.2 | 38.35 | 575.36 | 613.71 | OK | |
r-release-linux-x86_64 | 1.1.2 | 38.54 | 576.65 | 615.19 | OK | |
r-release-macos-arm64 | 1.1.2 | 231.00 | OK | |||
r-release-macos-x86_64 | 1.1.2 | 318.00 | OK | |||
r-release-windows-x86_64 | 1.1.2 | 42.00 | 490.00 | 532.00 | OK | |
r-oldrel-macos-arm64 | 1.1.2 | 142.00 | NOTE | |||
r-oldrel-macos-x86_64 | 1.1.2 | 328.00 | NOTE | |||
r-oldrel-windows-x86_64 | 1.1.2 | 53.00 | 708.00 | 761.00 | NOTE |
Version: 1.1.2
Check: examples
Result: NOTE
Examples with CPU (user + system) or elapsed time > 5s
user system elapsed
getTestKM.list 5.775 0.001 7.264
getAutoKM.list 5.009 0.003 7.184
getTestKM 3.881 0.110 5.476
getAutoKM 3.886 0.091 5.172
cv.coxEN 3.882 0.063 5.066
Flavor: r-devel-linux-x86_64-debian-clang
Version: 1.1.2
Check: installed package size
Result: NOTE
installed size is 5.9Mb
sub-directories of 1Mb or more:
data 1.2Mb
doc 3.1Mb
Flavors: r-oldrel-macos-arm64, r-oldrel-macos-x86_64, r-oldrel-windows-x86_64