Last updated on 2025-04-30 04:50:02 CEST.
Flavor | Version | Tinstall | Tcheck | Ttotal | Status | Flags |
---|---|---|---|---|---|---|
r-devel-linux-x86_64-debian-clang | 1.1 | 1.71 | 18.31 | 20.02 | NOTE | |
r-devel-linux-x86_64-debian-gcc | 1.1 | 1.43 | 14.98 | 16.41 | NOTE | |
r-devel-linux-x86_64-fedora-clang | 1.1 | 31.43 | OK | |||
r-devel-linux-x86_64-fedora-gcc | 1.1 | 29.62 | OK | |||
r-devel-windows-x86_64 | 1.1 | 3.00 | 43.00 | 46.00 | OK | |
r-patched-linux-x86_64 | 1.1 | 1.75 | 17.42 | 19.17 | OK | |
r-release-linux-x86_64 | 1.1 | 1.64 | 17.58 | 19.22 | OK | |
r-release-macos-arm64 | 1.1 | 14.00 | OK | |||
r-release-macos-x86_64 | 1.1 | 27.00 | OK | |||
r-release-windows-x86_64 | 1.1 | 3.00 | 40.00 | 43.00 | OK | |
r-oldrel-macos-arm64 | 1.1 | 14.00 | OK | |||
r-oldrel-macos-x86_64 | 1.1 | 22.00 | OK | |||
r-oldrel-windows-x86_64 | 1.1 | 3.00 | 40.00 | 43.00 | OK |
Version: 1.1
Check: CRAN incoming feasibility
Result: NOTE
Maintainer: ‘Jun Chen <chen.jun2@mayo.edu>’
No Authors@R field in DESCRIPTION.
Please add one, modifying
Authors@R: person(given = "Jun",
family = "Chen",
role = c("aut", "cre"),
email = "Chen.Jun2@mayo.edu")
as necessary.
Flavors: r-devel-linux-x86_64-debian-clang, r-devel-linux-x86_64-debian-gcc