Last updated on 2025-11-03 03:49:37 CET.
| Flavor | Version | Tinstall | Tcheck | Ttotal | Status | Flags | 
|---|---|---|---|---|---|---|
| r-devel-linux-x86_64-debian-clang | 0.1-22 | 35.08 | 173.01 | 208.09 | NOTE | |
| r-devel-linux-x86_64-debian-gcc | 0.1-22 | 24.44 | 122.71 | 147.15 | NOTE | |
| r-devel-linux-x86_64-fedora-clang | 0.1-22 | 286.00 | 59.51 | 345.51 | OK | |
| r-devel-linux-x86_64-fedora-gcc | 0.1-22 | 159.00 | 189.98 | 348.98 | OK | |
| r-devel-windows-x86_64 | 0.1-22 | 41.00 | 208.00 | 249.00 | OK | |
| r-patched-linux-x86_64 | 0.1-22 | 34.87 | 163.10 | 197.97 | OK | |
| r-release-linux-x86_64 | 0.1-22 | 35.15 | 164.28 | 199.43 | OK | |
| r-release-macos-arm64 | 0.1-22 | 17.00 | 99.00 | 116.00 | OK | |
| r-release-macos-x86_64 | 0.1-22 | 29.00 | 146.00 | 175.00 | OK | |
| r-release-windows-x86_64 | 0.1-22 | 44.00 | 205.00 | 249.00 | OK | |
| r-oldrel-macos-arm64 | 0.1-22 | 12.00 | 78.00 | 90.00 | OK | |
| r-oldrel-macos-x86_64 | 0.1-22 | 31.00 | 156.00 | 187.00 | OK | |
| r-oldrel-windows-x86_64 | 0.1-22 | 49.00 | 258.00 | 307.00 | OK | 
Version: 0.1-22
Check: CRAN incoming feasibility
Result: NOTE
  Maintainer: ‘Kornelius Rohmeyer <rohmeyer@small-projects.de>’
  
  No Authors@R field in DESCRIPTION.
  Please add one, modifying
    Authors@R: person(given = "Kornelius",
                      family = "Rohmeyer",
                      role = c("aut", "cre"),
                      email = "rohmeyer@small-projects.de")
  as necessary.
Flavors: r-devel-linux-x86_64-debian-clang, r-devel-linux-x86_64-debian-gcc