Last updated on 2025-04-30 04:50:03 CEST.
Flavor | Version | Tinstall | Tcheck | Ttotal | Status | Flags |
---|---|---|---|---|---|---|
r-devel-linux-x86_64-debian-clang | 0.1-22 | 34.29 | 160.69 | 194.98 | NOTE | |
r-devel-linux-x86_64-debian-gcc | 0.1-22 | 23.70 | 116.35 | 140.05 | NOTE | |
r-devel-linux-x86_64-fedora-clang | 0.1-22 | 294.48 | OK | |||
r-devel-linux-x86_64-fedora-gcc | 0.1-22 | 303.01 | OK | |||
r-devel-windows-x86_64 | 0.1-22 | 40.00 | 206.00 | 246.00 | OK | |
r-patched-linux-x86_64 | 0.1-22 | 34.16 | 149.18 | 183.34 | OK | |
r-release-linux-x86_64 | 0.1-22 | 35.97 | 149.56 | 185.53 | OK | |
r-release-macos-arm64 | 0.1-22 | 116.00 | OK | |||
r-release-macos-x86_64 | 0.1-22 | 175.00 | OK | |||
r-release-windows-x86_64 | 0.1-22 | 42.00 | 202.00 | 244.00 | OK | |
r-oldrel-macos-arm64 | 0.1-22 | 90.00 | OK | |||
r-oldrel-macos-x86_64 | 0.1-22 | 187.00 | OK | |||
r-oldrel-windows-x86_64 | 0.1-22 | 47.00 | 249.00 | 296.00 | OK |
Version: 0.1-22
Check: CRAN incoming feasibility
Result: NOTE
Maintainer: ‘Kornelius Rohmeyer <rohmeyer@small-projects.de>’
No Authors@R field in DESCRIPTION.
Please add one, modifying
Authors@R: person(given = "Kornelius",
family = "Rohmeyer",
role = c("aut", "cre"),
email = "rohmeyer@small-projects.de")
as necessary.
Flavors: r-devel-linux-x86_64-debian-clang, r-devel-linux-x86_64-debian-gcc