Last updated on 2025-04-30 04:50:03 CEST.
Flavor | Version | Tinstall | Tcheck | Ttotal | Status | Flags |
---|---|---|---|---|---|---|
r-devel-linux-x86_64-debian-clang | 1.2.7 | 10.78 | 92.02 | 102.80 | NOTE | |
r-devel-linux-x86_64-debian-gcc | 1.2.7 | 7.38 | 65.12 | 72.50 | NOTE | |
r-devel-linux-x86_64-fedora-clang | 1.2.7 | 152.21 | OK | |||
r-devel-linux-x86_64-fedora-gcc | 1.2.7 | 158.20 | OK | |||
r-devel-windows-x86_64 | 1.2.7 | 12.00 | 133.00 | 145.00 | OK | |
r-patched-linux-x86_64 | 1.2.7 | 9.05 | 86.11 | 95.16 | OK | |
r-release-linux-x86_64 | 1.2.7 | 10.35 | 83.83 | 94.18 | OK | |
r-release-macos-arm64 | 1.2.7 | 62.00 | OK | |||
r-release-macos-x86_64 | 1.2.7 | 98.00 | OK | |||
r-release-windows-x86_64 | 1.2.7 | 13.00 | 130.00 | 143.00 | OK | |
r-oldrel-macos-arm64 | 1.2.7 | 49.00 | OK | |||
r-oldrel-macos-x86_64 | 1.2.7 | 79.00 | OK | |||
r-oldrel-windows-x86_64 | 1.2.7 | 14.00 | 148.00 | 162.00 | OK |
Version: 1.2.7
Check: CRAN incoming feasibility
Result: NOTE
Maintainer: ‘Haydar Demirhan <haydar.demirhan@rmit.edu.au>’
No Authors@R field in DESCRIPTION.
Please add one, modifying
Authors@R: person(given = "Haydar",
family = "Demirhan",
role = c("aut", "cre"),
email = "haydar.demirhan@rmit.edu.au",
comment = c(ORCID = "0000-0002-8565-4710"))
as necessary.
Package CITATION file contains call(s) to old-style personList() or
as.personList(). Please use c() on person objects instead.
Package CITATION file contains call(s) to old-style citEntry(). Please
use bibentry() instead.
Flavors: r-devel-linux-x86_64-debian-clang, r-devel-linux-x86_64-debian-gcc