Last updated on 2025-04-30 04:50:03 CEST.
Flavor | Version | Tinstall | Tcheck | Ttotal | Status | Flags |
---|---|---|---|---|---|---|
r-devel-linux-x86_64-debian-clang | 0.2.0 | 38.10 | 200.89 | 238.99 | OK | |
r-devel-linux-x86_64-debian-gcc | 0.2.0 | 30.25 | 142.06 | 172.31 | OK | |
r-devel-linux-x86_64-fedora-clang | 0.2.0 | 401.21 | OK | |||
r-devel-linux-x86_64-fedora-gcc | 0.2.0 | 415.58 | OK | |||
r-devel-windows-x86_64 | 0.2.0 | 43.00 | 202.00 | 245.00 | OK | |
r-patched-linux-x86_64 | 0.2.0 | 41.02 | 186.99 | 228.01 | OK | |
r-release-linux-x86_64 | 0.2.0 | 41.28 | 189.65 | 230.93 | OK | |
r-release-macos-arm64 | 0.2.0 | 137.00 | OK | |||
r-release-macos-x86_64 | 0.2.0 | 248.00 | OK | |||
r-release-windows-x86_64 | 0.2.0 | 46.00 | 195.00 | 241.00 | OK | |
r-oldrel-macos-arm64 | 0.2.0 | 149.00 | NOTE | |||
r-oldrel-macos-x86_64 | 0.2.0 | 225.00 | NOTE | |||
r-oldrel-windows-x86_64 | 0.2.0 | 49.00 | 264.00 | 313.00 | OK |
Version: 0.2.0
Check: installed package size
Result: NOTE
installed size is 5.4Mb
sub-directories of 1Mb or more:
data 1.5Mb
libs 3.1Mb
Flavors: r-oldrel-macos-arm64, r-oldrel-macos-x86_64