Last updated on 2025-04-30 04:50:03 CEST.
Flavor | Version | Tinstall | Tcheck | Ttotal | Status | Flags |
---|---|---|---|---|---|---|
r-devel-linux-x86_64-debian-clang | 1.2.0 | 17.94 | 145.56 | 163.50 | OK | |
r-devel-linux-x86_64-debian-gcc | 1.2.0 | 11.32 | 102.58 | 113.90 | OK | |
r-devel-linux-x86_64-fedora-clang | 1.2.0 | 248.33 | OK | |||
r-devel-linux-x86_64-fedora-gcc | 1.2.0 | 251.13 | OK | |||
r-devel-windows-x86_64 | 1.2.0 | 18.00 | 142.00 | 160.00 | OK | |
r-patched-linux-x86_64 | 1.2.0 | 12.76 | 138.18 | 150.94 | OK | |
r-release-linux-x86_64 | 1.2.0 | 14.20 | 137.42 | 151.62 | OK | |
r-release-macos-arm64 | 1.2.0 | 75.00 | OK | |||
r-release-macos-x86_64 | 1.2.0 | 163.00 | OK | |||
r-release-windows-x86_64 | 1.2.0 | 18.00 | 140.00 | 158.00 | OK | |
r-oldrel-macos-arm64 | 1.2.0 | 73.00 | NOTE | |||
r-oldrel-macos-x86_64 | 1.2.0 | 106.00 | NOTE | |||
r-oldrel-windows-x86_64 | 1.2.0 | 23.00 | 185.00 | 208.00 | NOTE |
Version: 1.2.0
Check: installed package size
Result: NOTE
installed size is 5.1Mb
sub-directories of 1Mb or more:
doc 4.4Mb
Flavors: r-oldrel-macos-arm64, r-oldrel-macos-x86_64, r-oldrel-windows-x86_64