CRAN Package Check Results for Package DAAG

Last updated on 2025-04-30 04:50:03 CEST.

Flavor Version Tinstall Tcheck Ttotal Status Flags
r-devel-linux-x86_64-debian-clang 1.25.6 8.41 97.28 105.69 NOTE
r-devel-linux-x86_64-debian-gcc 1.25.6 5.35 70.32 75.67 NOTE
r-devel-linux-x86_64-fedora-clang 1.25.6 171.87 OK
r-devel-linux-x86_64-fedora-gcc 1.25.6 173.62 OK
r-devel-windows-x86_64 1.25.6 12.00 156.00 168.00 NOTE
r-patched-linux-x86_64 1.25.6 11.52 91.62 103.14 NOTE
r-release-linux-x86_64 1.25.6 8.77 90.90 99.67 NOTE
r-release-macos-arm64 1.25.6 80.00 OK
r-release-macos-x86_64 1.25.6 117.00 OK
r-release-windows-x86_64 1.25.6 11.00 154.00 165.00 NOTE
r-oldrel-macos-arm64 1.25.6 64.00 OK
r-oldrel-macos-x86_64 1.25.6 87.00 OK
r-oldrel-windows-x86_64 1.25.6 14.00 189.00 203.00 OK

Check Details

Version: 1.25.6
Check: CRAN incoming feasibility
Result: NOTE Maintainer: ‘W. John Braun <john.braun@ubc.ca>’ No Authors@R field in DESCRIPTION. Please add one, modifying Authors@R: c(person(given = c("John", "H"), family = "Maindonald", role = "aut", email = "john@statsresearch.co.nz"), person(given = c("W.", "John"), family = "Braun", role = c("aut", "cre"), email = "john.braun@ubc.ca")) as necessary. Flavors: r-devel-linux-x86_64-debian-clang, r-devel-linux-x86_64-debian-gcc

Version: 1.25.6
Check: Rd cross-references
Result: NOTE Found the following Rd file(s) with Rd \link{} targets missing package anchors: DAAGtheme.Rd: theEconomist.theme, standard.theme, simpleTheme, custom.theme Please provide package anchors for all Rd \link{} targets not in the package itself and the base packages. Flavors: r-devel-linux-x86_64-debian-clang, r-devel-linux-x86_64-debian-gcc, r-devel-windows-x86_64, r-patched-linux-x86_64, r-release-linux-x86_64, r-release-windows-x86_64

Version: 1.25.6
Check: examples
Result: NOTE Examples with CPU (user + system) or elapsed time > 5s user system elapsed houseprices 4.542 0.002 5.887 Flavor: r-devel-linux-x86_64-debian-clang

Version: 1.25.6
Check: examples
Result: NOTE Examples with CPU (user + system) or elapsed time > 5s user system elapsed houseprices 3.383 0.478 5.272 Flavor: r-devel-linux-x86_64-debian-gcc