CRAN Package Check Results for Package DAAGbio

Last updated on 2025-11-03 03:49:37 CET.

Flavor Version Tinstall Tcheck Ttotal Status Flags
r-devel-linux-x86_64-debian-clang 0.63-4 3.50 43.88 47.38 NOTE
r-devel-linux-x86_64-debian-gcc 0.63-4 2.40 34.01 36.41 NOTE
r-devel-linux-x86_64-fedora-clang 0.63-4 18.00 59.97 77.97 OK
r-devel-linux-x86_64-fedora-gcc 0.63-4 23.00 67.21 90.21 OK
r-devel-windows-x86_64 0.63-4 5.00 66.00 71.00 OK
r-patched-linux-x86_64 0.63-4 3.43 41.70 45.13 OK
r-release-linux-x86_64 0.63-4 2.71 41.64 44.35 OK
r-release-macos-arm64 0.63-4 2.00 36.00 38.00 OK
r-release-macos-x86_64 0.63-4 3.00 54.00 57.00 OK
r-release-windows-x86_64 0.63-4 5.00 64.00 69.00 OK
r-oldrel-macos-arm64 0.63-4 2.00 26.00 28.00 OK
r-oldrel-macos-x86_64 0.63-4 3.00 99.00 102.00 OK
r-oldrel-windows-x86_64 0.63-4 6.00 75.00 81.00 OK

Check Details

Version: 0.63-4
Check: CRAN incoming feasibility
Result: NOTE Maintainer: ‘John Maindonald <jhmaindonald@gmail.com>’ No Authors@R field in DESCRIPTION. Please add one, modifying Authors@R: person(given = "John", family = "Maindonald", role = c("aut", "cre"), email = "jhmaindonald@gmail.com") as necessary. Flavors: r-devel-linux-x86_64-debian-clang, r-devel-linux-x86_64-debian-gcc