Last updated on 2025-04-30 04:50:03 CEST.
Flavor | Version | Tinstall | Tcheck | Ttotal | Status | Flags |
---|---|---|---|---|---|---|
r-devel-linux-x86_64-debian-clang | 2.1-3 | 5.29 | 78.55 | 83.84 | NOTE | |
r-devel-linux-x86_64-debian-gcc | 2.1-3 | 3.47 | 51.91 | 55.38 | NOTE | |
r-devel-linux-x86_64-fedora-clang | 2.1-3 | 132.04 | OK | |||
r-devel-linux-x86_64-fedora-gcc | 2.1-3 | 145.33 | OK | |||
r-devel-windows-x86_64 | 2.1-3 | 6.00 | 122.00 | 128.00 | OK | |
r-patched-linux-x86_64 | 2.1-3 | 6.01 | 74.47 | 80.48 | OK | |
r-release-linux-x86_64 | 2.1-3 | 5.02 | 74.45 | 79.47 | OK | |
r-release-macos-arm64 | 2.1-3 | 42.00 | OK | |||
r-release-macos-x86_64 | 2.1-3 | 117.00 | OK | |||
r-release-windows-x86_64 | 2.1-3 | 5.00 | 117.00 | 122.00 | OK | |
r-oldrel-macos-arm64 | 2.1-3 | 38.00 | OK | |||
r-oldrel-macos-x86_64 | 2.1-3 | 62.00 | OK | |||
r-oldrel-windows-x86_64 | 2.1-3 | 7.00 | 113.00 | 120.00 | OK |
Version: 2.1-3
Check: CRAN incoming feasibility
Result: NOTE
Maintainer: ‘Ali Uenlue <ali.uenlue@tum.de>’
Package CITATION file contains call(s) to old-style personList() or
as.personList(). Please use c() on person objects instead.
Package CITATION file contains call(s) to old-style citEntry(). Please
use bibentry() instead.
Flavors: r-devel-linux-x86_64-debian-clang, r-devel-linux-x86_64-debian-gcc
Version: 2.1-3
Check: examples
Result: NOTE
Examples with CPU (user + system) or elapsed time > 5s
user system elapsed
iita 4.931 0.07 5.974
variance 3.993 0.00 5.042
Flavor: r-devel-linux-x86_64-debian-clang