Last updated on 2025-04-30 04:50:03 CEST.
Flavor | Version | Tinstall | Tcheck | Ttotal | Status | Flags |
---|---|---|---|---|---|---|
r-devel-linux-x86_64-debian-clang | 2.3.0 | 5.36 | 271.25 | 276.61 | NOTE | |
r-devel-linux-x86_64-debian-gcc | 2.3.0 | 3.95 | 200.48 | 204.43 | NOTE | |
r-devel-linux-x86_64-fedora-clang | 2.3.0 | 440.07 | OK | |||
r-devel-linux-x86_64-fedora-gcc | 2.3.0 | 444.86 | OK | |||
r-devel-windows-x86_64 | 2.3.0 | 12.00 | 408.00 | 420.00 | OK | |
r-patched-linux-x86_64 | 2.3.0 | 6.50 | 259.69 | 266.19 | OK | |
r-release-linux-x86_64 | 2.3.0 | 5.88 | 257.01 | 262.89 | OK | |
r-release-macos-arm64 | 2.3.0 | 151.00 | OK | |||
r-release-macos-x86_64 | 2.3.0 | 269.00 | OK | |||
r-release-windows-x86_64 | 2.3.0 | 13.00 | 413.00 | 426.00 | OK | |
r-oldrel-macos-arm64 | 2.3.0 | 145.00 | OK | |||
r-oldrel-macos-x86_64 | 2.3.0 | 203.00 | OK | |||
r-oldrel-windows-x86_64 | 2.3.0 | 14.00 | 521.00 | 535.00 | OK |
Version: 2.3.0
Check: CRAN incoming feasibility
Result: NOTE
Maintainer: ‘Szymon Maksymiuk <sz.maksymiuk@gmail.com>’
The Description field contains
'DALEXtra' creates 'DALEX' Biecek (2018) <arXiv:1806.08915> explainer
Please refer to arXiv e-prints via their arXiv DOI <doi:10.48550/arXiv.YYMM.NNNNN>.
Flavors: r-devel-linux-x86_64-debian-clang, r-devel-linux-x86_64-debian-gcc
Version: 2.3.0
Check: examples
Result: NOTE
Examples with CPU (user + system) or elapsed time > 5s
user system elapsed
explain_xgboost 5.970 0.533 5.100
plot.trainig_test_comparison 5.883 0.270 7.597
trainig_test_comparison 5.770 0.344 7.540
print.training_test_comparison 4.901 0.381 6.062
Flavor: r-devel-linux-x86_64-debian-clang
Version: 2.3.0
Check: examples
Result: NOTE
Examples with CPU (user + system) or elapsed time > 5s
user system elapsed
explain_xgboost 5.277 0.219 5.411
plot.trainig_test_comparison 4.279 0.411 5.658
trainig_test_comparison 3.777 0.468 5.267
Flavor: r-devel-linux-x86_64-debian-gcc