Last updated on 2025-04-30 04:50:03 CEST.
Flavor | Version | Tinstall | Tcheck | Ttotal | Status | Flags |
---|---|---|---|---|---|---|
r-devel-linux-x86_64-debian-clang | 0.1.1 | 4.53 | 21.67 | 26.20 | NOTE | |
r-devel-linux-x86_64-debian-gcc | 0.1.1 | 4.29 | 17.29 | 21.58 | NOTE | |
r-devel-linux-x86_64-fedora-clang | 0.1.1 | 40.20 | OK | |||
r-devel-linux-x86_64-fedora-gcc | 0.1.1 | 41.96 | OK | |||
r-devel-windows-x86_64 | 0.1.1 | 8.00 | 50.00 | 58.00 | OK | |
r-patched-linux-x86_64 | 0.1.1 | 6.05 | 20.95 | 27.00 | OK | |
r-release-linux-x86_64 | 0.1.1 | 4.32 | 20.67 | 24.99 | OK | |
r-release-macos-arm64 | 0.1.1 | 21.00 | OK | |||
r-release-macos-x86_64 | 0.1.1 | 33.00 | OK | |||
r-release-windows-x86_64 | 0.1.1 | 9.00 | 54.00 | 63.00 | OK | |
r-oldrel-macos-arm64 | 0.1.1 | 20.00 | NOTE | |||
r-oldrel-macos-x86_64 | 0.1.1 | 26.00 | NOTE | |||
r-oldrel-windows-x86_64 | 0.1.1 | 9.00 | 54.00 | 63.00 | NOTE |
Version: 0.1.1
Check: CRAN incoming feasibility
Result: NOTE
Maintainer: ‘Taiane Schaedler Prass <taianeprass@gmail.com>’
The Description field contains
<arXiv:1910.10589>.
Please refer to arXiv e-prints via their arXiv DOI <doi:10.48550/arXiv.YYMM.NNNNN>.
Flavors: r-devel-linux-x86_64-debian-clang, r-devel-linux-x86_64-debian-gcc
Version: 0.1.1
Check: LazyData
Result: NOTE
'LazyData' is specified without a 'data' directory
Flavors: r-oldrel-macos-arm64, r-oldrel-macos-x86_64, r-oldrel-windows-x86_64