CRAN Package Check Results for Package DCEM

Last updated on 2025-04-30 04:50:03 CEST.

Flavor Version Tinstall Tcheck Ttotal Status Flags
r-devel-linux-x86_64-debian-clang 2.0.5 9.62 35.28 44.90 NOTE
r-devel-linux-x86_64-debian-gcc 2.0.5 7.86 27.49 35.35 NOTE
r-devel-linux-x86_64-fedora-clang 2.0.5 77.79 NOTE
r-devel-linux-x86_64-fedora-gcc 2.0.5 87.46 NOTE
r-devel-windows-x86_64 2.0.5 15.00 82.00 97.00 NOTE
r-patched-linux-x86_64 2.0.5 11.67 33.71 45.38 NOTE
r-release-linux-x86_64 2.0.5 9.86 33.46 43.32 NOTE
r-release-macos-arm64 2.0.5 34.00 NOTE
r-release-macos-x86_64 2.0.5 59.00 NOTE
r-release-windows-x86_64 2.0.5 15.00 80.00 95.00 NOTE
r-oldrel-macos-arm64 2.0.5 32.00 NOTE
r-oldrel-macos-x86_64 2.0.5 50.00 NOTE
r-oldrel-windows-x86_64 2.0.5 13.00 89.00 102.00 NOTE

Check Details

Version: 2.0.5
Check: CRAN incoming feasibility
Result: NOTE Maintainer: ‘Sharma Parichit <parishar@iu.edu>’ Package CITATION file contains call(s) to old-style personList() or as.personList(). Please use c() on person objects instead. Package CITATION file contains call(s) to old-style citEntry(). Please use bibentry() instead. Flavors: r-devel-linux-x86_64-debian-clang, r-devel-linux-x86_64-debian-gcc

Version: 2.0.5
Check: package subdirectories
Result: NOTE Problems with news in ‘NEWS.md’: No news entries found. Flavors: r-devel-linux-x86_64-debian-clang, r-devel-linux-x86_64-debian-gcc, r-devel-linux-x86_64-fedora-clang, r-devel-linux-x86_64-fedora-gcc, r-devel-windows-x86_64, r-patched-linux-x86_64, r-release-linux-x86_64, r-release-macos-arm64, r-release-macos-x86_64, r-release-windows-x86_64, r-oldrel-macos-arm64, r-oldrel-macos-x86_64, r-oldrel-windows-x86_64