CRAN Package Check Results for Package DCEtool

Last updated on 2025-04-30 04:50:03 CEST.

Flavor Version Tinstall Tcheck Ttotal Status Flags
r-devel-linux-x86_64-debian-clang 1.1.0 13.05 93.57 106.62 OK
r-devel-linux-x86_64-debian-gcc 1.1.0 8.78 65.93 74.71 OK
r-devel-linux-x86_64-fedora-clang 1.1.0 180.97 NOTE
r-devel-linux-x86_64-fedora-gcc 1.1.0 187.46 NOTE
r-devel-windows-x86_64 1.1.0 12.00 111.00 123.00 OK
r-patched-linux-x86_64 1.1.0 11.06 89.39 100.45 OK
r-release-linux-x86_64 1.1.0 11.98 87.44 99.42 OK
r-release-macos-arm64 1.1.0 49.00 OK
r-release-macos-x86_64 1.1.0 95.00 OK
r-release-windows-x86_64 1.1.0 15.00 97.00 112.00 OK
r-oldrel-macos-arm64 1.1.0 52.00 OK
r-oldrel-macos-x86_64 1.1.0 87.00 OK
r-oldrel-windows-x86_64 1.1.0 17.00 121.00 138.00 OK

Check Details

Version: 1.1.0
Check: dependencies in R code
Result: NOTE Namespace in Imports field not imported from: ‘knitr’ All declared Imports should be used. Flavors: r-devel-linux-x86_64-fedora-clang, r-devel-linux-x86_64-fedora-gcc