CRAN Package Check Results for Package DCL

Last updated on 2025-04-30 04:50:03 CEST.

Flavor Version Tinstall Tcheck Ttotal Status Flags
r-devel-linux-x86_64-debian-clang 0.1.2 4.13 51.13 55.26 NOTE
r-devel-linux-x86_64-debian-gcc 0.1.2 3.57 35.90 39.47 NOTE
r-devel-linux-x86_64-fedora-clang 0.1.2 89.31 OK
r-devel-linux-x86_64-fedora-gcc 0.1.2 83.30 OK
r-devel-windows-x86_64 0.1.2 7.00 72.00 79.00 OK
r-patched-linux-x86_64 0.1.2 4.95 48.80 53.75 OK
r-release-linux-x86_64 0.1.2 5.11 47.78 52.89 OK
r-release-macos-arm64 0.1.2 29.00 OK
r-release-macos-x86_64 0.1.2 48.00 OK
r-release-windows-x86_64 0.1.2 6.00 74.00 80.00 OK
r-oldrel-macos-arm64 0.1.2 26.00 OK
r-oldrel-macos-x86_64 0.1.2 40.00 OK
r-oldrel-windows-x86_64 0.1.2 7.00 85.00 92.00 OK

Check Details

Version: 0.1.2
Check: CRAN incoming feasibility
Result: NOTE Maintainer: ‘Maria Dolores Martinez-Miranda <mmiranda@ugr.es>’ No Authors@R field in DESCRIPTION. Please add one, modifying Authors@R: c(person(given = c("Maria", "Dolores"), family = "Martinez-Miranda", role = c("aut", "cre"), email = "mmiranda@ugr.es"), person(given = c("Jens", "Perch"), family = "Nielsen", role = "aut"), person(given = "Richard", family = "Verrall", role = "aut")) as necessary. Flavors: r-devel-linux-x86_64-debian-clang, r-devel-linux-x86_64-debian-gcc