CRAN Package Check Results for Package DCODE

Last updated on 2025-04-30 04:50:03 CEST.

Flavor Version Tinstall Tcheck Ttotal Status Flags
r-devel-linux-x86_64-debian-clang 1.0 2.01 24.39 26.40 NOTE
r-devel-linux-x86_64-debian-gcc 1.0 1.56 19.05 20.61 NOTE
r-devel-linux-x86_64-fedora-clang 1.0 41.46 OK
r-devel-linux-x86_64-fedora-gcc 1.0 39.93 OK
r-devel-windows-x86_64 1.0 4.00 50.00 54.00 OK
r-patched-linux-x86_64 1.0 1.75 23.03 24.78 OK
r-release-linux-x86_64 1.0 2.22 23.05 25.27 OK
r-release-macos-arm64 1.0 18.00 OK
r-release-macos-x86_64 1.0 35.00 OK
r-release-windows-x86_64 1.0 4.00 47.00 51.00 OK
r-oldrel-macos-arm64 1.0 17.00 OK
r-oldrel-macos-x86_64 1.0 23.00 OK
r-oldrel-windows-x86_64 1.0 4.00 52.00 56.00 OK

Check Details

Version: 1.0
Check: CRAN incoming feasibility
Result: NOTE Maintainer: ‘Sophie Lebre <sophie.lebre@umontpellier.fr>’ No Authors@R field in DESCRIPTION. Please add one, modifying Authors@R: person(given = "Sophie", family = "Lebre", role = c("aut", "cre"), email = "sophie.lebre@umontpellier.fr") as necessary. File 'R/DCODE-internal.R' sets .Random.seed. This is usually neither needed nor wanted. The Description field contains http://arxiv.org/abs/1602.04971). Please enclose URLs in angle brackets (<...>). The Description field contains http://arxiv.org/abs/1602.04971). Please refer to arXiv e-prints via their arXiv DOI <doi:10.48550/arXiv.YYMM.NNNNN>. Flavors: r-devel-linux-x86_64-debian-clang, r-devel-linux-x86_64-debian-gcc