CRAN Package Check Results for Package DCPO

Last updated on 2025-04-30 04:50:03 CEST.

Flavor Version Tinstall Tcheck Ttotal Status Flags
r-devel-linux-x86_64-debian-clang 0.5.3 317.87 122.48 440.35 OK
r-devel-linux-x86_64-debian-gcc 0.5.3 275.92 105.48 381.40 OK
r-devel-linux-x86_64-fedora-clang 0.5.3 628.33 OK
r-devel-linux-x86_64-fedora-gcc 0.5.3 839.54 OK
r-devel-windows-x86_64 0.5.3 296.00 156.00 452.00 OK
r-patched-linux-x86_64 0.5.3 343.50 139.52 483.02 OK
r-release-linux-x86_64 0.5.3 356.14 139.69 495.83 OK
r-release-macos-arm64 0.5.3 168.00 OK
r-release-macos-x86_64 0.5.3 266.00 OK
r-release-windows-x86_64 0.5.3 320.00 159.00 479.00 OK
r-oldrel-macos-arm64 0.5.3 163.00 NOTE
r-oldrel-macos-x86_64 0.5.3 220.00 NOTE
r-oldrel-windows-x86_64 0.5.3 349.00 201.00 550.00 NOTE

Check Details

Version: 0.5.3
Check: installed package size
Result: NOTE installed size is 84.0Mb sub-directories of 1Mb or more: libs 83.6Mb Flavors: r-oldrel-macos-arm64, r-oldrel-macos-x86_64

Version: 0.5.3
Check: for GNU extensions in Makefiles
Result: NOTE GNU make is a SystemRequirements. Flavors: r-oldrel-macos-arm64, r-oldrel-macos-x86_64, r-oldrel-windows-x86_64