CRAN Package Check Results for Package DCluster

Last updated on 2025-04-30 04:50:03 CEST.

Flavor Version Tinstall Tcheck Ttotal Status Flags
r-devel-linux-x86_64-debian-clang 0.2-10 7.22 72.51 79.73 NOTE
r-devel-linux-x86_64-debian-gcc 0.2-10 5.73 53.31 59.04 NOTE
r-devel-linux-x86_64-fedora-clang 0.2-10 129.41 OK
r-devel-linux-x86_64-fedora-gcc 0.2-10 131.28 OK
r-devel-windows-x86_64 0.2-10 12.00 93.00 105.00 OK
r-patched-linux-x86_64 0.2-10 8.42 68.27 76.69 OK
r-release-linux-x86_64 0.2-10 7.46 66.97 74.43 OK
r-release-macos-arm64 0.2-10 44.00 OK
r-release-macos-x86_64 0.2-10 82.00 OK
r-release-windows-x86_64 0.2-10 13.00 97.00 110.00 OK
r-oldrel-macos-arm64 0.2-10 36.00 OK
r-oldrel-macos-x86_64 0.2-10 59.00 OK
r-oldrel-windows-x86_64 0.2-10 14.00 112.00 126.00 OK

Check Details

Version: 0.2-10
Check: CRAN incoming feasibility
Result: NOTE Maintainer: ‘Virgilio Gómez-Rubio <Virgilio.Gomez@uclm.es>’ No Authors@R field in DESCRIPTION. Please add one, modifying Authors@R: c(person(given = "Virgilio", family = "Gómez-Rubio", role = c("aut", "cre"), email = "virgilio.gomez@uclm.es"), person(given = "Juan", family = "Ferrándiz-Ferragud", role = "aut"), person(given = "Antonio", family = "López-Quílez", role = "aut"), person(given = c("with", "contributions", "by", "Roger"), family = "Bivand.", role = "aut")) as necessary. Flavors: r-devel-linux-x86_64-debian-clang, r-devel-linux-x86_64-debian-gcc

Version: 0.2-10
Check: examples
Result: NOTE Examples with CPU (user + system) or elapsed time > 5s user system elapsed sp2WB 11.422 0.438 17.317 Flavor: r-devel-linux-x86_64-debian-clang

Version: 0.2-10
Check: examples
Result: NOTE Examples with CPU (user + system) or elapsed time > 5s user system elapsed sp2WB 7.601 0.604 9.758 Flavor: r-devel-linux-x86_64-debian-gcc