Last updated on 2025-04-30 04:50:03 CEST.
Flavor | Version | Tinstall | Tcheck | Ttotal | Status | Flags |
---|---|---|---|---|---|---|
r-devel-linux-x86_64-debian-clang | 1.0.2 | 1.85 | 31.20 | 33.05 | NOTE | |
r-devel-linux-x86_64-debian-gcc | 1.0.2 | 1.37 | 24.14 | 25.51 | NOTE | |
r-devel-linux-x86_64-fedora-clang | 1.0.2 | 48.52 | OK | |||
r-devel-linux-x86_64-fedora-gcc | 1.0.2 | 48.08 | OK | |||
r-devel-windows-x86_64 | 1.0.2 | 3.00 | 56.00 | 59.00 | OK | |
r-patched-linux-x86_64 | 1.0.2 | 1.87 | 28.86 | 30.73 | OK | |
r-release-linux-x86_64 | 1.0.2 | 1.80 | 29.08 | 30.88 | OK | |
r-release-macos-arm64 | 1.0.2 | 23.00 | OK | |||
r-release-macos-x86_64 | 1.0.2 | 47.00 | OK | |||
r-release-windows-x86_64 | 1.0.2 | 4.00 | 58.00 | 62.00 | OK | |
r-oldrel-macos-arm64 | 1.0.2 | 20.00 | OK | |||
r-oldrel-macos-x86_64 | 1.0.2 | 32.00 | OK | |||
r-oldrel-windows-x86_64 | 1.0.2 | 4.00 | 57.00 | 61.00 | OK |
Version: 1.0.2
Check: CRAN incoming feasibility
Result: NOTE
Maintainer: ‘Zijian Guo <zijguo@stat.rutgers.edu>’
The Description field contains
Debiased Lasso method was proposed in <arXiv:2004.03758>.
Please refer to arXiv e-prints via their arXiv DOI <doi:10.48550/arXiv.YYMM.NNNNN>.
Flavors: r-devel-linux-x86_64-debian-clang, r-devel-linux-x86_64-debian-gcc
Version: 1.0.2
Check: examples
Result: NOTE
Examples with CPU (user + system) or elapsed time > 5s
user system elapsed
DDL 4.69 0.296 6.512
Flavor: r-devel-linux-x86_64-debian-clang