CRAN Package Check Results for Package DDPstar

Last updated on 2025-04-30 04:50:03 CEST.

Flavor Version Tinstall Tcheck Ttotal Status Flags
r-devel-linux-x86_64-debian-clang 1.0-1 8.47 93.96 102.43 NOTE
r-devel-linux-x86_64-debian-gcc 1.0-1 5.94 65.27 71.21 OK
r-devel-linux-x86_64-fedora-clang 1.0-1 161.17 OK
r-devel-linux-x86_64-fedora-gcc 1.0-1 156.77 OK
r-devel-windows-x86_64 1.0-1 9.00 109.00 118.00 OK
r-patched-linux-x86_64 1.0-1 9.57 89.47 99.04 OK
r-release-linux-x86_64 1.0-1 9.16 89.52 98.68 OK
r-release-macos-arm64 1.0-1 48.00 OK
r-release-macos-x86_64 1.0-1 87.00 OK
r-release-windows-x86_64 1.0-1 9.00 106.00 115.00 OK
r-oldrel-macos-arm64 1.0-1 43.00 OK
r-oldrel-macos-x86_64 1.0-1 91.00 OK
r-oldrel-windows-x86_64 1.0-1 12.00 127.00 139.00 OK

Check Details

Version: 1.0-1
Check: examples
Result: NOTE Examples with CPU (user + system) or elapsed time > 5s user system elapsed predict.DDPstar 4.309 0.453 5.252 quantile.residuals 4.508 0.023 5.531 Flavor: r-devel-linux-x86_64-debian-clang