CRAN Package Check Results for Package DEBBI

Last updated on 2025-07-05 04:50:13 CEST.

Flavor Version Tinstall Tcheck Ttotal Status Flags
r-devel-linux-x86_64-debian-clang 0.1.0 2.82 27.74 30.56 NOTE
r-devel-linux-x86_64-debian-gcc 0.1.0 2.03 20.21 22.24 NOTE
r-devel-linux-x86_64-fedora-clang 0.1.0 48.47 OK
r-devel-linux-x86_64-fedora-gcc 0.1.0 44.15 OK
r-devel-windows-x86_64 0.1.0 4.00 45.00 49.00 OK
r-patched-linux-x86_64 0.1.0 2.57 25.35 27.92 OK
r-release-linux-x86_64 0.1.0 2.08 25.57 27.65 OK
r-release-macos-arm64 0.1.0 19.00 OK
r-release-macos-x86_64 0.1.0 37.00 OK
r-release-windows-x86_64 0.1.0 4.00 47.00 51.00 OK
r-oldrel-macos-arm64 0.1.0 17.00 OK
r-oldrel-macos-x86_64 0.1.0 25.00 OK
r-oldrel-windows-x86_64 0.1.0 5.00 50.00 55.00 OK

Check Details

Version: 0.1.0
Check: CRAN incoming feasibility
Result: NOTE Maintainer: ‘Brendan Matthew Galdo <Brendan.m.galdo@gmail.com>’ The BugReports field in DESCRIPTION has https://github.com/bmgaldo/DEBBI which should likely be https://github.com/bmgaldo/DEBBI/issues instead. Flavors: r-devel-linux-x86_64-debian-clang, r-devel-linux-x86_64-debian-gcc