Last updated on 2025-04-30 04:50:03 CEST.
Flavor | Version | Tinstall | Tcheck | Ttotal | Status | Flags |
---|---|---|---|---|---|---|
r-devel-linux-x86_64-debian-clang | 2.2-8 | 3.25 | 26.42 | 29.67 | NOTE | |
r-devel-linux-x86_64-debian-gcc | 2.2-8 | 2.70 | 21.32 | 24.02 | NOTE | |
r-devel-linux-x86_64-fedora-clang | 2.2-8 | 45.06 | OK | |||
r-devel-linux-x86_64-fedora-gcc | 2.2-8 | 44.30 | OK | |||
r-devel-windows-x86_64 | 2.2-8 | 7.00 | 53.00 | 60.00 | OK | |
r-patched-linux-x86_64 | 2.2-8 | 3.52 | 24.88 | 28.40 | OK | |
r-release-linux-x86_64 | 2.2-8 | 2.90 | 24.77 | 27.67 | OK | |
r-release-macos-arm64 | 2.2-8 | 22.00 | OK | |||
r-release-macos-x86_64 | 2.2-8 | 39.00 | OK | |||
r-release-windows-x86_64 | 2.2-8 | 8.00 | 54.00 | 62.00 | OK | |
r-oldrel-macos-arm64 | 2.2-8 | 26.00 | OK | |||
r-oldrel-macos-x86_64 | 2.2-8 | 42.00 | OK | |||
r-oldrel-windows-x86_64 | 2.2-8 | 9.00 | 53.00 | 62.00 | OK |
Version: 2.2-8
Check: CRAN incoming feasibility
Result: NOTE
Maintainer: ‘Katharine Mullen <mullenkate@gmail.com>’
Package CITATION file contains call(s) to old-style personList() or
as.personList(). Please use c() on person objects instead.
Package CITATION file contains call(s) to old-style citEntry(). Please
use bibentry() instead.
Flavors: r-devel-linux-x86_64-debian-clang, r-devel-linux-x86_64-debian-gcc