Last updated on 2025-04-30 04:50:03 CEST.
Flavor | Version | Tinstall | Tcheck | Ttotal | Status | Flags |
---|---|---|---|---|---|---|
r-devel-linux-x86_64-debian-clang | 0.5.7 | 63.50 | 80.31 | 143.81 | NOTE | |
r-devel-linux-x86_64-debian-gcc | 0.5.7 | 48.79 | 56.34 | 105.13 | OK | |
r-devel-linux-x86_64-fedora-clang | 0.5.7 | 275.55 | OK | |||
r-devel-linux-x86_64-fedora-gcc | 0.5.7 | 262.95 | OK | |||
r-devel-windows-x86_64 | 0.5.7 | 113.00 | 135.00 | 248.00 | OK | |
r-patched-linux-x86_64 | 0.5.7 | 67.14 | 76.07 | 143.21 | OK | |
r-release-linux-x86_64 | 0.5.7 | 69.36 | 76.18 | 145.54 | OK | |
r-release-macos-arm64 | 0.5.7 | 75.00 | OK | |||
r-release-macos-x86_64 | 0.5.7 | 129.00 | OK | |||
r-release-windows-x86_64 | 0.5.7 | 117.00 | 131.00 | 248.00 | OK | |
r-oldrel-macos-arm64 | 0.5.7 | 82.00 | NOTE | |||
r-oldrel-macos-x86_64 | 0.5.7 | 134.00 | NOTE | |||
r-oldrel-windows-x86_64 | 0.5.7 | 123.00 | 174.00 | 297.00 | OK |
Version: 0.5.7
Check: examples
Result: NOTE
Examples with CPU (user + system) or elapsed time > 5s
user system elapsed
reexports 4.87 0.033 6.737
Flavor: r-devel-linux-x86_64-debian-clang
Version: 0.5.7
Check: installed package size
Result: NOTE
installed size is 7.1Mb
sub-directories of 1Mb or more:
libs 6.6Mb
Flavors: r-oldrel-macos-arm64, r-oldrel-macos-x86_64