Last updated on 2025-04-30 04:50:03 CEST.
Flavor | Version | Tinstall | Tcheck | Ttotal | Status | Flags |
---|---|---|---|---|---|---|
r-devel-linux-x86_64-debian-clang | 0.3.0 | 57.23 | 444.76 | 501.99 | OK | |
r-devel-linux-x86_64-debian-gcc | 0.3.0 | 32.75 | 325.38 | 358.13 | OK | |
r-devel-linux-x86_64-fedora-clang | 0.3.0 | 841.58 | OK | |||
r-devel-linux-x86_64-fedora-gcc | 0.3.0 | 734.17 | OK | |||
r-devel-windows-x86_64 | 0.3.0 | 56.00 | 360.00 | 416.00 | OK | |
r-patched-linux-x86_64 | 0.3.0 | 49.10 | 422.55 | 471.65 | OK | |
r-release-linux-x86_64 | 0.3.0 | 52.29 | 420.99 | 473.28 | OK | |
r-release-macos-arm64 | 0.3.0 | 5.00 | ERROR | |||
r-release-macos-x86_64 | 0.3.0 | 6.00 | ERROR | |||
r-release-windows-x86_64 | 0.3.0 | 53.00 | 362.00 | 415.00 | OK | |
r-oldrel-macos-arm64 | 0.3.0 | 19.00 | ERROR | |||
r-oldrel-macos-x86_64 | 0.3.0 | 279.00 | OK | |||
r-oldrel-windows-x86_64 | 0.3.0 | 69.00 | 493.00 | 562.00 | OK |
Version: 0.3.0
Check: package dependencies
Result: ERROR
Packages required but not available:
'signatureSearch', 'signatureSearchData'
See section ‘The DESCRIPTION file’ in the ‘Writing R Extensions’
manual.
Flavors: r-release-macos-arm64, r-release-macos-x86_64
Version: 0.3.0
Check: whether package can be installed
Result: ERROR
Installation failed.
Flavor: r-oldrel-macos-arm64