Last updated on 2025-04-30 04:50:03 CEST.
Flavor | Version | Tinstall | Tcheck | Ttotal | Status | Flags |
---|---|---|---|---|---|---|
r-devel-linux-x86_64-debian-clang | 1.1.2 | 4.06 | 49.78 | 53.84 | NOTE | |
r-devel-linux-x86_64-debian-gcc | 1.1.2 | 2.47 | 37.37 | 39.84 | OK | |
r-devel-linux-x86_64-fedora-clang | 1.1.2 | 90.20 | OK | |||
r-devel-linux-x86_64-fedora-gcc | 1.1.2 | 94.84 | OK | |||
r-devel-windows-x86_64 | 1.1.2 | 5.00 | 73.00 | 78.00 | OK | |
r-patched-linux-x86_64 | 1.1.2 | 3.88 | 48.27 | 52.15 | OK | |
r-release-linux-x86_64 | 1.1.2 | 3.72 | 47.16 | 50.88 | OK | |
r-release-macos-arm64 | 1.1.2 | 43.00 | OK | |||
r-release-macos-x86_64 | 1.1.2 | 64.00 | OK | |||
r-release-windows-x86_64 | 1.1.2 | 5.00 | 74.00 | 79.00 | OK | |
r-oldrel-macos-arm64 | 1.1.2 | 33.00 | OK | |||
r-oldrel-macos-x86_64 | 1.1.2 | 50.00 | OK | |||
r-oldrel-windows-x86_64 | 1.1.2 | 6.00 | 89.00 | 95.00 | OK |
Version: 1.1.2
Check: examples
Result: NOTE
Examples with CPU (user + system) or elapsed time > 5s
user system elapsed
initDGEobj 3.782 0.142 5.171
Flavor: r-devel-linux-x86_64-debian-clang