Last updated on 2025-04-30 04:50:03 CEST.
Flavor | Version | Tinstall | Tcheck | Ttotal | Status | Flags |
---|---|---|---|---|---|---|
r-devel-linux-x86_64-debian-clang | 1.0.0.1 | 53.41 | 107.53 | 160.94 | OK | |
r-devel-linux-x86_64-debian-gcc | 1.0.0.1 | 43.84 | 77.43 | 121.27 | OK | |
r-devel-linux-x86_64-fedora-clang | 1.0.0.1 | 268.25 | OK | |||
r-devel-linux-x86_64-fedora-gcc | 1.0.0.1 | 282.97 | OK | |||
r-devel-windows-x86_64 | 1.0.0.1 | 62.00 | 131.00 | 193.00 | OK | |
r-patched-linux-x86_64 | 1.0.0.1 | 58.52 | 102.59 | 161.11 | OK | |
r-release-linux-x86_64 | 1.0.0.1 | 58.34 | 102.33 | 160.67 | OK | |
r-release-macos-arm64 | 1.0.0.1 | 77.00 | OK | |||
r-release-macos-x86_64 | 1.0.0.1 | 108.00 | OK | |||
r-release-windows-x86_64 | 1.0.0.1 | 62.00 | 134.00 | 196.00 | OK | |
r-oldrel-macos-arm64 | 1.0.0.1 | 77.00 | NOTE | |||
r-oldrel-macos-x86_64 | 1.0.0.1 | 98.00 | NOTE | |||
r-oldrel-windows-x86_64 | 1.0.0.1 | 73.00 | 169.00 | 242.00 | OK |
Version: 1.0.0.1
Check: installed package size
Result: NOTE
installed size is 5.6Mb
sub-directories of 1Mb or more:
libs 4.4Mb
Flavors: r-oldrel-macos-arm64, r-oldrel-macos-x86_64