CRAN Package Check Results for Package DHBins

Last updated on 2025-04-30 04:50:03 CEST.

Flavor Version Tinstall Tcheck Ttotal Status Flags
r-devel-linux-x86_64-debian-clang 1.1 5.34 49.65 54.99 NOTE
r-devel-linux-x86_64-debian-gcc 1.1 3.77 35.46 39.23 NOTE
r-devel-linux-x86_64-fedora-clang 1.1 76.04 OK
r-devel-linux-x86_64-fedora-gcc 1.1 72.83 OK
r-devel-windows-x86_64 1.1 7.00 71.00 78.00 OK
r-patched-linux-x86_64 1.1 5.50 46.72 52.22 OK
r-release-linux-x86_64 1.1 5.27 45.85 51.12 OK
r-release-macos-arm64 1.1 30.00 OK
r-release-macos-x86_64 1.1 45.00 OK
r-release-windows-x86_64 1.1 6.00 70.00 76.00 OK
r-oldrel-macos-arm64 1.1 29.00 OK
r-oldrel-macos-x86_64 1.1 62.00 OK
r-oldrel-windows-x86_64 1.1 8.00 83.00 91.00 OK

Check Details

Version: 1.1
Check: CRAN incoming feasibility
Result: NOTE Maintainer: ‘Thomas Lumley <t.lumley@auckland.ac.nz>’ No Authors@R field in DESCRIPTION. Please add one, modifying Authors@R: person(given = "Thomas", family = "Lumley", role = c("aut", "cre"), email = "t.lumley@auckland.ac.nz") as necessary. The Description field contains or Regional Councils. The preprint Lumley (2019) <arXiv:1912.04435> is Please refer to arXiv e-prints via their arXiv DOI <doi:10.48550/arXiv.YYMM.NNNNN>. Flavors: r-devel-linux-x86_64-debian-clang, r-devel-linux-x86_64-debian-gcc