Last updated on 2025-04-30 04:50:03 CEST.
Flavor | Version | Tinstall | Tcheck | Ttotal | Status | Flags |
---|---|---|---|---|---|---|
r-devel-linux-x86_64-debian-clang | 0.9.2 | 7.89 | 75.18 | 83.07 | NOTE | |
r-devel-linux-x86_64-debian-gcc | 0.9.2 | 4.86 | 50.53 | 55.39 | NOTE | |
r-devel-linux-x86_64-fedora-clang | 0.9.2 | 128.47 | NOTE | |||
r-devel-linux-x86_64-fedora-gcc | 0.9.2 | 139.55 | NOTE | |||
r-devel-windows-x86_64 | 0.9.2 | 9.00 | 89.00 | 98.00 | OK | |
r-patched-linux-x86_64 | 0.9.2 | 5.92 | 69.16 | 75.08 | OK | |
r-release-linux-x86_64 | 0.9.2 | 8.13 | 69.78 | 77.91 | OK | |
r-release-macos-arm64 | 0.9.2 | 45.00 | OK | |||
r-release-macos-x86_64 | 0.9.2 | 85.00 | OK | |||
r-release-windows-x86_64 | 0.9.2 | 11.00 | 91.00 | 102.00 | OK | |
r-oldrel-macos-arm64 | 0.9.2 | 43.00 | OK | |||
r-oldrel-macos-x86_64 | 0.9.2 | 74.00 | OK | |||
r-oldrel-windows-x86_64 | 0.9.2 | 12.00 | 107.00 | 119.00 | OK |
Version: 0.9.2
Check: CRAN incoming feasibility
Result: NOTE
Maintainer: ‘Mahmoud Elkasabi <mahmoudelkasabi@gmail.com>’
No Authors@R field in DESCRIPTION.
Please add one, modifying
Authors@R: person(given = "Mahmoud",
family = "Elkasabi",
role = c("aut", "cre"),
email = "mahmoudelkasabi@gmail.com")
as necessary.
Flavors: r-devel-linux-x86_64-debian-clang, r-devel-linux-x86_64-debian-gcc
Version: 0.9.2
Check: examples
Result: NOTE
Examples with CPU (user + system) or elapsed time > 5s
user system elapsed
chmort 4.855 0.265 6.311
fert 4.363 0.019 5.256
Flavor: r-devel-linux-x86_64-debian-clang
Version: 0.9.2
Check: dependencies in R code
Result: NOTE
Namespace in Imports field not imported from: ‘rlang’
All declared Imports should be used.
Flavors: r-devel-linux-x86_64-fedora-clang, r-devel-linux-x86_64-fedora-gcc