Last updated on 2025-07-05 04:50:13 CEST.
Flavor | Version | Tinstall | Tcheck | Ttotal | Status | Flags |
---|---|---|---|---|---|---|
r-devel-linux-x86_64-debian-clang | 1.0 | 110.52 | 289.33 | 399.85 | OK | |
r-devel-linux-x86_64-debian-gcc | 1.0 | 74.13 | 177.02 | 251.15 | OK | |
r-devel-linux-x86_64-fedora-clang | 1.0 | 1298.16 | OK | |||
r-devel-linux-x86_64-fedora-gcc | 1.0 | 1627.96 | OK | |||
r-devel-windows-x86_64 | 1.0 | 109.00 | 244.00 | 353.00 | OK | |
r-patched-linux-x86_64 | 1.0 | 105.56 | 252.11 | 357.67 | OK | |
r-release-linux-x86_64 | 1.0 | 100.00 | 248.96 | 348.96 | OK | |
r-release-macos-arm64 | 1.0 | 189.00 | OK | |||
r-release-macos-x86_64 | 1.0 | 306.00 | OK | |||
r-release-windows-x86_64 | 1.0 | 110.00 | 247.00 | 357.00 | OK | |
r-oldrel-macos-arm64 | 1.0 | 172.00 | NOTE | |||
r-oldrel-macos-x86_64 | 1.0 | 213.00 | NOTE | |||
r-oldrel-windows-x86_64 | 1.0 | 134.00 | 336.00 | 470.00 | OK |
Version: 1.0
Check: installed package size
Result: NOTE
installed size is 6.7Mb
sub-directories of 1Mb or more:
libs 6.1Mb
Flavors: r-oldrel-macos-arm64, r-oldrel-macos-x86_64