CRAN Package Check Results for Package DIFM

Last updated on 2025-04-30 04:50:03 CEST.

Flavor Version Tinstall Tcheck Ttotal Status Flags
r-devel-linux-x86_64-debian-clang 1.0 102.21 288.47 390.68 OK
r-devel-linux-x86_64-debian-gcc 1.0 75.02 176.63 251.65 OK
r-devel-linux-x86_64-fedora-clang 1.0 730.96 OK
r-devel-linux-x86_64-fedora-gcc 1.0 2529.17 OK
r-devel-windows-x86_64 1.0 112.00 242.00 354.00 OK
r-patched-linux-x86_64 1.0 101.54 252.11 353.65 OK
r-release-linux-x86_64 1.0 101.84 250.64 352.48 OK
r-release-macos-arm64 1.0 189.00 OK
r-release-macos-x86_64 1.0 306.00 OK
r-release-windows-x86_64 1.0 111.00 249.00 360.00 OK
r-oldrel-macos-arm64 1.0 172.00 NOTE
r-oldrel-macos-x86_64 1.0 213.00 NOTE
r-oldrel-windows-x86_64 1.0 126.00 334.00 460.00 OK

Check Details

Version: 1.0
Check: installed package size
Result: NOTE installed size is 6.7Mb sub-directories of 1Mb or more: libs 6.1Mb Flavors: r-oldrel-macos-arm64, r-oldrel-macos-x86_64