CRAN Package Check Results for Package DIGSS

Last updated on 2025-04-30 04:50:03 CEST.

Flavor Version Tinstall Tcheck Ttotal Status Flags
r-devel-linux-x86_64-debian-clang 1.0.2 3.56 70.46 74.02 NOTE
r-devel-linux-x86_64-debian-gcc 1.0.2 2.22 48.21 50.43 NOTE
r-devel-linux-x86_64-fedora-clang 1.0.2 119.80 OK
r-devel-linux-x86_64-fedora-gcc 1.0.2 131.05 OK
r-devel-windows-x86_64 1.0.2 5.00 84.00 89.00 OK
r-patched-linux-x86_64 1.0.2 3.06 66.20 69.26 OK
r-release-linux-x86_64 1.0.2 3.11 65.69 68.80 OK
r-release-macos-arm64 1.0.2 41.00 OK
r-release-macos-x86_64 1.0.2 79.00 OK
r-release-windows-x86_64 1.0.2 5.00 84.00 89.00 OK
r-oldrel-macos-arm64 1.0.2 40.00 OK
r-oldrel-macos-x86_64 1.0.2 61.00 OK
r-oldrel-windows-x86_64 1.0.2 6.00 106.00 112.00 OK

Check Details

Version: 1.0.2
Check: CRAN incoming feasibility
Result: NOTE Maintainer: ‘Mark Hubbe <hubbe.1@osu.edu>’ Package CITATION file contains call(s) to old-style citEntry(). Please use bibentry() instead. Flavors: r-devel-linux-x86_64-debian-clang, r-devel-linux-x86_64-debian-gcc