Last updated on 2025-04-30 04:50:03 CEST.
Flavor | Version | Tinstall | Tcheck | Ttotal | Status | Flags |
---|---|---|---|---|---|---|
r-devel-linux-x86_64-debian-clang | 1.1.1 | 4.27 | 451.79 | 456.06 | NOTE | |
r-devel-linux-x86_64-debian-gcc | 1.1.1 | 3.35 | 299.39 | 302.74 | OK | |
r-devel-linux-x86_64-fedora-clang | 1.1.1 | 731.88 | OK | |||
r-devel-linux-x86_64-fedora-gcc | 1.1.1 | 754.29 | OK | |||
r-devel-windows-x86_64 | 1.1.1 | 7.00 | 502.00 | 509.00 | OK | |
r-patched-linux-x86_64 | 1.1.1 | 4.76 | 435.05 | 439.81 | OK | |
r-release-linux-x86_64 | 1.1.1 | 3.94 | 429.02 | 432.96 | OK | |
r-release-macos-arm64 | 1.1.1 | 288.00 | OK | |||
r-release-macos-x86_64 | 1.1.1 | 631.00 | OK | |||
r-release-windows-x86_64 | 1.1.1 | 7.00 | 497.00 | 504.00 | OK | |
r-oldrel-macos-arm64 | 1.1.1 | 267.00 | OK | |||
r-oldrel-macos-x86_64 | 1.1.1 | 450.00 | OK | |||
r-oldrel-windows-x86_64 | 1.1.1 | 6.00 | 700.00 | 706.00 | OK |
Version: 1.1.1
Check: examples
Result: NOTE
Examples with CPU (user + system) or elapsed time > 5s
user system elapsed
DImodelsMulti 5.96 0.214 7.755
Flavor: r-devel-linux-x86_64-debian-clang