CRAN Package Check Results for Package DLASSO

Last updated on 2025-04-30 04:50:04 CEST.

Flavor Version Tinstall Tcheck Ttotal Status Flags
r-devel-linux-x86_64-debian-clang 2.0.2 1.66 26.36 28.02 NOTE
r-devel-linux-x86_64-debian-gcc 2.0.2 1.59 20.92 22.51 NOTE
r-devel-linux-x86_64-fedora-clang 2.0.2 43.50 OK
r-devel-linux-x86_64-fedora-gcc 2.0.2 45.02 OK
r-devel-windows-x86_64 2.0.2 3.00 54.00 57.00 OK
r-patched-linux-x86_64 2.0.2 1.84 26.88 28.72 OK
r-release-linux-x86_64 2.0.2 2.05 26.90 28.95 OK
r-release-macos-arm64 2.0.2 22.00 OK
r-release-macos-x86_64 2.0.2 34.00 OK
r-release-windows-x86_64 2.0.2 3.00 51.00 54.00 OK
r-oldrel-macos-arm64 2.0.2 19.00 OK
r-oldrel-macos-x86_64 2.0.2 28.00 OK
r-oldrel-windows-x86_64 2.0.2 2.00 52.00 54.00 OK

Check Details

Version: 2.0.2
Check: CRAN incoming feasibility
Result: NOTE Maintainer: ‘Hamed Haseli Mashhadi <hamedhaseli@gmail.com>’ No Authors@R field in DESCRIPTION. Please add one, modifying Authors@R: person(given = c("Hamed", "Haseli"), family = "Mashhadi", role = c("aut", "cre"), email = "hamedhaseli@gmail.com") as necessary. Flavors: r-devel-linux-x86_64-debian-clang, r-devel-linux-x86_64-debian-gcc