CRAN Package Check Results for Package DLL

Last updated on 2025-04-30 04:50:04 CEST.

Flavor Version Tinstall Tcheck Ttotal Status Flags
r-devel-linux-x86_64-debian-clang 1.0.0 7.26 61.01 68.27 NOTE
r-devel-linux-x86_64-debian-gcc 1.0.0 5.19 45.53 50.72 NOTE
r-devel-linux-x86_64-fedora-clang 1.0.0 102.27 NOTE
r-devel-linux-x86_64-fedora-gcc 1.0.0 97.83 NOTE
r-devel-windows-x86_64 1.0.0 8.00 72.00 80.00 OK
r-patched-linux-x86_64 1.0.0 5.40 57.19 62.59 OK
r-release-linux-x86_64 1.0.0 6.79 56.66 63.45 OK
r-release-macos-arm64 1.0.0 35.00 OK
r-release-macos-x86_64 1.0.0 70.00 OK
r-release-windows-x86_64 1.0.0 8.00 79.00 87.00 OK
r-oldrel-macos-arm64 1.0.0 27.00 OK
r-oldrel-macos-x86_64 1.0.0 52.00 OK
r-oldrel-windows-x86_64 1.0.0 8.00 82.00 90.00 OK

Check Details

Version: 1.0.0
Check: CRAN incoming feasibility
Result: NOTE Maintainer: ‘Zijian Guo <zijguo@stat.rutgers.edu>’ No Authors@R field in DESCRIPTION. Please add one, modifying Authors@R: c(person(given = "Wei", family = "Yuan", role = "aut"), person(given = "Zhenyu", family = "Wang", role = "aut"), person(given = "Zijian", family = "Guo", role = c("aut", "cre"), email = "zijguo@stat.rutgers.edu"), person(given = "Cun-Hui", family = "Zhang", role = "aut")) as necessary. The Description field contains <arxiv:1907.12732>. It constructs the confidence interval for the Please refer to arXiv e-prints via their arXiv DOI <doi:10.48550/arXiv.YYMM.NNNNN>. Flavors: r-devel-linux-x86_64-debian-clang, r-devel-linux-x86_64-debian-gcc

Version: 1.0.0
Check: examples
Result: NOTE Examples with CPU (user + system) or elapsed time > 5s user system elapsed DLL 4.596 0.046 6.872 Flavor: r-devel-linux-x86_64-debian-clang

Version: 1.0.0
Check: dependencies in R code
Result: NOTE Namespace in Imports field not imported from: ‘MASS’ All declared Imports should be used. Flavors: r-devel-linux-x86_64-fedora-clang, r-devel-linux-x86_64-fedora-gcc