Last updated on 2025-04-30 04:50:04 CEST.
Flavor | Version | Tinstall | Tcheck | Ttotal | Status | Flags |
---|---|---|---|---|---|---|
r-devel-linux-x86_64-debian-clang | 0.0-1 | 11.80 | 148.43 | 160.23 | NOTE | |
r-devel-linux-x86_64-debian-gcc | 0.0-1 | 7.55 | 98.45 | 106.00 | NOTE | |
r-devel-linux-x86_64-fedora-clang | 0.0-1 | 255.55 | NOTE | |||
r-devel-linux-x86_64-fedora-gcc | 0.0-1 | 242.64 | NOTE | |||
r-devel-windows-x86_64 | 0.0-1 | 11.00 | 147.00 | 158.00 | NOTE | |
r-patched-linux-x86_64 | 0.0-1 | 11.51 | 141.09 | 152.60 | NOTE | |
r-release-linux-x86_64 | 0.0-1 | 9.81 | 140.45 | 150.26 | NOTE | |
r-release-macos-arm64 | 0.0-1 | 66.00 | NOTE | |||
r-release-macos-x86_64 | 0.0-1 | 126.00 | NOTE | |||
r-release-windows-x86_64 | 0.0-1 | 12.00 | 153.00 | 165.00 | NOTE | |
r-oldrel-macos-arm64 | 0.0-1 | 63.00 | NOTE | |||
r-oldrel-macos-x86_64 | 0.0-1 | 98.00 | NOTE | |||
r-oldrel-windows-x86_64 | 0.0-1 | 16.00 | 204.00 | 220.00 | NOTE |
Version: 0.0-1
Check: Rd files
Result: NOTE
checkRd: (-1) setCPT.O.Rd:85: Lost braces; missing escapes or markup?
85 | statespace {0,1,2}, which this is *not* checked anywhere. Thus, if
| ^
Flavors: r-devel-linux-x86_64-debian-clang, r-devel-linux-x86_64-debian-gcc, r-devel-linux-x86_64-fedora-clang, r-devel-linux-x86_64-fedora-gcc, r-devel-windows-x86_64, r-patched-linux-x86_64, r-release-linux-x86_64, r-release-macos-arm64, r-release-macos-x86_64, r-release-windows-x86_64, r-oldrel-macos-arm64, r-oldrel-macos-x86_64, r-oldrel-windows-x86_64
Version: 0.0-1
Check: examples
Result: NOTE
Examples with CPU (user + system) or elapsed time > 5s
user system elapsed
qqpeak 12.387 0.016 15.228
prequential.score 11.770 0.075 14.333
DNAmixturesLite-package 6.899 0.043 8.927
boxplot.DNAmixture 6.092 0.046 7.933
map.genotypes 5.807 0.118 7.732
varEst 5.644 0.028 8.413
Flavor: r-devel-linux-x86_64-debian-clang
Version: 0.0-1
Check: examples
Result: NOTE
Examples with CPU (user + system) or elapsed time > 5s
user system elapsed
qqpeak 7.778 0.029 10.346
prequential.score 6.905 0.014 8.854
Flavor: r-devel-linux-x86_64-debian-gcc