Last updated on 2025-04-30 04:50:04 CEST.
Flavor | Version | Tinstall | Tcheck | Ttotal | Status | Flags |
---|---|---|---|---|---|---|
r-devel-linux-x86_64-debian-clang | 0.5.2 | 3.10 | 31.56 | 34.66 | NOTE | |
r-devel-linux-x86_64-debian-gcc | 0.5.2 | 2.28 | 24.31 | 26.59 | NOTE | |
r-devel-linux-x86_64-fedora-clang | 0.5.2 | 53.62 | OK | |||
r-devel-linux-x86_64-fedora-gcc | 0.5.2 | 51.40 | OK | |||
r-devel-windows-x86_64 | 0.5.2 | 4.00 | 60.00 | 64.00 | OK | |
r-patched-linux-x86_64 | 0.5.2 | 2.99 | 30.45 | 33.44 | OK | |
r-release-linux-x86_64 | 0.5.2 | 2.98 | 30.02 | 33.00 | OK | |
r-release-macos-arm64 | 0.5.2 | 24.00 | OK | |||
r-release-macos-x86_64 | 0.5.2 | 35.00 | OK | |||
r-release-windows-x86_64 | 0.5.2 | 4.00 | 58.00 | 62.00 | OK | |
r-oldrel-macos-arm64 | 0.5.2 | 20.00 | OK | |||
r-oldrel-macos-x86_64 | 0.5.2 | 29.00 | OK | |||
r-oldrel-windows-x86_64 | 0.5.2 | 5.00 | 62.00 | 67.00 | OK |
Version: 0.5.2
Check: CRAN incoming feasibility
Result: NOTE
Maintainer: ‘Paul Rosenbaum <rosenbaum@wharton.upenn.edu>’
No Authors@R field in DESCRIPTION.
Please add one, modifying
Authors@R: c(person(given = c("Paul", "R."),
family = "Rosenbaum",
role = "aut"),
person(given = "Paul",
family = "Rosenbaum",
role = "cre",
email = "rosenbaum@wharton.upenn.edu"))
as necessary.
Flavors: r-devel-linux-x86_64-debian-clang, r-devel-linux-x86_64-debian-gcc