CRAN Package Check Results for Package DOT

Last updated on 2025-04-30 04:50:04 CEST.

Flavor Version Tinstall Tcheck Ttotal Status Flags
r-devel-linux-x86_64-debian-clang 0.1 2.50 26.19 28.69 NOTE
r-devel-linux-x86_64-debian-gcc 0.1 2.09 21.31 23.40 NOTE
r-devel-linux-x86_64-fedora-clang 0.1 43.50 NOTE
r-devel-linux-x86_64-fedora-gcc 0.1 42.93 NOTE
r-devel-windows-x86_64 0.1 4.00 51.00 55.00 OK
r-patched-linux-x86_64 0.1 2.80 25.55 28.35 NOTE
r-release-linux-x86_64 0.1 2.53 25.40 27.93 NOTE
r-release-macos-arm64 0.1 20.00 OK
r-release-macos-x86_64 0.1 33.00 OK
r-release-windows-x86_64 0.1 4.00 51.00 55.00 OK
r-oldrel-macos-arm64 0.1 19.00 OK
r-oldrel-macos-x86_64 0.1 30.00 OK
r-oldrel-windows-x86_64 0.1 4.00 51.00 55.00 OK

Check Details

Version: 0.1
Check: CRAN incoming feasibility
Result: NOTE Maintainer: ‘E. F. Haghish <haghish@imbi.uni-freiburg.de>’ No Authors@R field in DESCRIPTION. Please add one, modifying Authors@R: person(given = c("E.", "F."), family = "Haghish", role = c("aut", "cre"), email = "haghish@imbi.uni-freiburg.de") as necessary. The BugReports field in DESCRIPTION has http://github.com/haghish/DOT which should likely be http://github.com/haghish/DOT/issues instead. Flavors: r-devel-linux-x86_64-debian-clang, r-devel-linux-x86_64-debian-gcc

Version: 0.1
Check: for non-standard things in the check directory
Result: NOTE Found the following files/directories: ‘myfile.ps’ ‘myfile.svg’ Flavors: r-devel-linux-x86_64-debian-clang, r-devel-linux-x86_64-debian-gcc, r-devel-linux-x86_64-fedora-clang, r-devel-linux-x86_64-fedora-gcc, r-patched-linux-x86_64, r-release-linux-x86_64