Last updated on 2025-04-30 04:50:04 CEST.
Flavor | Version | Tinstall | Tcheck | Ttotal | Status | Flags |
---|---|---|---|---|---|---|
r-devel-linux-x86_64-debian-clang | 0.0.2 | 4.95 | 98.00 | 102.95 | NOTE | |
r-devel-linux-x86_64-debian-gcc | 0.0.2 | 3.57 | 65.61 | 69.18 | NOTE | |
r-devel-linux-x86_64-fedora-clang | 0.0.2 | 165.54 | OK | |||
r-devel-linux-x86_64-fedora-gcc | 0.0.2 | 158.43 | OK | |||
r-devel-windows-x86_64 | 0.0.2 | 7.00 | 101.00 | 108.00 | OK | |
r-patched-linux-x86_64 | 0.0.2 | 4.83 | 92.90 | 97.73 | OK | |
r-release-linux-x86_64 | 0.0.2 | 4.97 | 92.88 | 97.85 | OK | |
r-release-macos-arm64 | 0.0.2 | 61.00 | OK | |||
r-release-macos-x86_64 | 0.0.2 | 97.00 | OK | |||
r-release-windows-x86_64 | 0.0.2 | 7.00 | 100.00 | 107.00 | OK | |
r-oldrel-macos-arm64 | 0.0.2 | 53.00 | OK | |||
r-oldrel-macos-x86_64 | 0.0.2 | 147.00 | OK | |||
r-oldrel-windows-x86_64 | 0.0.2 | 8.00 | 133.00 | 141.00 | OK |
Version: 0.0.2
Check: examples
Result: NOTE
Examples with CPU (user + system) or elapsed time > 5s
user system elapsed
preview_pal 9.007 0.201 12.121
preview_doypa_pals 3.820 0.121 6.549
Flavor: r-devel-linux-x86_64-debian-clang
Version: 0.0.2
Check: examples
Result: NOTE
Examples with CPU (user + system) or elapsed time > 5s
user system elapsed
preview_pal 5.366 0.186 6.179
Flavor: r-devel-linux-x86_64-debian-gcc